{"id":9969,"date":"2024-02-09T08:25:52","date_gmt":"2024-02-09T08:25:52","guid":{"rendered":"https:\/\/ariale.ro\/?post_type=product&#038;p=9969"},"modified":"2024-02-09T08:28:05","modified_gmt":"2024-02-09T08:28:05","slug":"cearceaf-de-pat-cu-elastic-padurea-fermecata-ariale-multicolor","status":"publish","type":"product","link":"https:\/\/ariale.ro\/index.php\/product\/cearceaf-de-pat-cu-elastic-padurea-fermecata-ariale-multicolor\/","title":{"rendered":"Cearceaf de pat cu elastic, Padurea Fermecata Ariale, multicolor"},"content":{"rendered":"<p>Imbin\u0103 frumuse\u021bea naturii cu confortul relaxant al cearceafului de pat cu elastic &#8222;P\u0103durea Fermecat\u0103&#8221;. Realizat din bumbac ranforce, acest cearceaf aduce \u00een camera ta un amestec de confort \u0219i farmec, ilustrat prin arici prieteno\u0219i, veveri\u021be jucau\u0219e \u0219i ciuperci colorate.<\/p>\n<p>Imprimeul detaliat transform\u0103 patul \u00eentr-un loc de poveste, unde creaturile p\u0103durii prind via\u021b\u0103. Fiecare element, de la aricii adorabili la veveri\u021bele juc\u0103u\u0219e \u0219i ciupercile fermecate, contribuie la atmosfera cald\u0103 \u0219i relaxant\u0103 a dormitorului t\u0103u.<\/p>\n<p>Cu elasticul s\u0103u bine dimensionat, cearceaful se fixeaz\u0103 perfect pe salteaua ta, asigur\u00e2nd un aspect ordonat \u0219i o noapte de odihn\u0103 lini\u0219tit\u0103. Bumbacul ranforce ofer\u0103 o senza\u021bie pl\u0103cut\u0103 la atingere \u0219i rezisten\u021b\u0103 pe termen lung, pentru a-\u021bi asigura o experien\u021b\u0103 de somn relaxant\u0103.<\/p>\n<p>&#8222;P\u0103durea Fermecat\u0103&#8221; nu este doar un cearceaf de pat, ci \u0219i o incursiune \u00een lumea fermecat\u0103 a naturii. Bucur\u0103-te de confortul \u0219i magia fiec\u0103rei nop\u021bi \u00een aceast\u0103 p\u0103dure fermecat\u0103, direct \u00een propriul t\u0103u dormitor.<\/p>\n<p>Aceste cearceafuri acopera salteaua in intregime!<\/p>\n<p><strong>DETALII PRODUS<\/strong><\/p>\n<ul>\n<li>Setul contine 1 piesa:- 1 cearsaf de pat cu elastic (de jur-imprejur).<\/li>\n<\/ul>\n<p>Mod ambalare: punga pvc.<\/p>\n","protected":false},"excerpt":{"rendered":"<p>Produc\u021bia atent monitorizat\u0103 in atelierul nostru Ariale garanteaz\u0103 calitatea superioar\u0103 a acestui produs. Un aspect important al acestui cearceaf este elasticul integral, plasat cu grij\u0103 in jurul intregii margini, asigurandu-se astfel c\u0103 nu se va deplasa sau aluneca de pe saltea. Nu mai este nevoie s\u0103 ajustezi cearceafurile in fiecare diminea\u021b\u0103!<\/p>\n<ul>\n<li>Setul contine 1 piesa:- 1 cearsaf de pat cu elastic (de jur-imprejur).<\/li>\n<\/ul>\n","protected":false},"featured_media":9980,"comment_status":"open","ping_status":"closed","template":"","meta":[],"product_brand":[],"product_cat":[29],"product_tag":[],"class_list":{"0":"post-9969","1":"product","2":"type-product","3":"status-publish","4":"has-post-thumbnail","6":"product_cat-seturi-fete-perna","8":"first","9":"instock","10":"shipping-taxable","11":"purchasable","12":"product-type-variable"},"yoast_head":"<!-- This site is optimized with the Yoast SEO plugin v27.2 - https:\/\/yoast.com\/product\/yoast-seo-wordpress\/ -->\n<title>Cearceaf de pat cu elastic, Padurea Fermecata Ariale, multicolor - Handmade Constanta<\/title>\n<meta name=\"description\" content=\"Acest cearceaf de pat cu elastic este confec\u021bionat cu aten\u021bie din bumbac ranforce, garant\u00e2nd nu doar o textur\u0103 moale \u0219i pl\u0103cut\u0103 la atingere, ci \u0219i rezisten\u021b\u0103 \u0219i durabilitate \u00een timp.\" \/>\n<meta name=\"robots\" content=\"index, follow, max-snippet:-1, max-image-preview:large, max-video-preview:-1\" \/>\n<link rel=\"canonical\" href=\"https:\/\/ariale.ro\/index.php\/product\/cearceaf-de-pat-cu-elastic-padurea-fermecata-ariale-multicolor\/\" \/>\n<meta property=\"og:locale\" content=\"ro_RO\" \/>\n<meta property=\"og:type\" content=\"article\" \/>\n<meta property=\"og:title\" content=\"Cearceaf de pat cu elastic, Padurea Fermecata Ariale, multicolor - Handmade Constanta\" \/>\n<meta property=\"og:description\" content=\"Acest cearceaf de pat cu elastic este confec\u021bionat cu aten\u021bie din bumbac ranforce, garant\u00e2nd nu doar o textur\u0103 moale \u0219i pl\u0103cut\u0103 la atingere, ci \u0219i rezisten\u021b\u0103 \u0219i durabilitate \u00een timp.\" \/>\n<meta property=\"og:url\" content=\"https:\/\/ariale.ro\/index.php\/product\/cearceaf-de-pat-cu-elastic-padurea-fermecata-ariale-multicolor\/\" \/>\n<meta property=\"og:site_name\" content=\"Handmade Constanta\" \/>\n<meta property=\"article:modified_time\" content=\"2024-02-09T08:28:05+00:00\" \/>\n<meta property=\"og:image\" content=\"https:\/\/ariale.ro\/wp-content\/uploads\/2024\/02\/20210416_113610.jpg\" \/>\n\t<meta property=\"og:image:width\" content=\"800\" \/>\n\t<meta property=\"og:image:height\" content=\"700\" \/>\n\t<meta property=\"og:image:type\" content=\"image\/jpeg\" \/>\n<meta name=\"twitter:card\" content=\"summary_large_image\" \/>\n<meta name=\"twitter:label1\" content=\"Timp estimat pentru citire\" \/>\n\t<meta name=\"twitter:data1\" content=\"2 minute\" \/>\n<script type=\"application\/ld+json\" class=\"yoast-schema-graph\">{\"@context\":\"https:\/\/schema.org\",\"@graph\":[{\"@type\":\"WebPage\",\"@id\":\"https:\/\/ariale.ro\/index.php\/product\/cearceaf-de-pat-cu-elastic-padurea-fermecata-ariale-multicolor\/\",\"url\":\"https:\/\/ariale.ro\/index.php\/product\/cearceaf-de-pat-cu-elastic-padurea-fermecata-ariale-multicolor\/\",\"name\":\"Cearceaf de pat cu elastic, Padurea Fermecata Ariale, multicolor - Handmade Constanta\",\"isPartOf\":{\"@id\":\"https:\/\/ariale.ro\/#website\"},\"primaryImageOfPage\":{\"@id\":\"https:\/\/ariale.ro\/index.php\/product\/cearceaf-de-pat-cu-elastic-padurea-fermecata-ariale-multicolor\/#primaryimage\"},\"image\":{\"@id\":\"https:\/\/ariale.ro\/index.php\/product\/cearceaf-de-pat-cu-elastic-padurea-fermecata-ariale-multicolor\/#primaryimage\"},\"thumbnailUrl\":\"https:\/\/ariale.ro\/wp-content\/uploads\/2024\/02\/20210416_113610.jpg\",\"datePublished\":\"2024-02-09T08:25:52+00:00\",\"dateModified\":\"2024-02-09T08:28:05+00:00\",\"description\":\"Acest cearceaf de pat cu elastic este confec\u021bionat cu aten\u021bie din bumbac ranforce, garant\u00e2nd nu doar o textur\u0103 moale \u0219i pl\u0103cut\u0103 la atingere, ci \u0219i rezisten\u021b\u0103 \u0219i durabilitate \u00een timp.\",\"breadcrumb\":{\"@id\":\"https:\/\/ariale.ro\/index.php\/product\/cearceaf-de-pat-cu-elastic-padurea-fermecata-ariale-multicolor\/#breadcrumb\"},\"inLanguage\":\"ro-RO\",\"potentialAction\":[{\"@type\":\"ReadAction\",\"target\":[\"https:\/\/ariale.ro\/index.php\/product\/cearceaf-de-pat-cu-elastic-padurea-fermecata-ariale-multicolor\/\"]}]},{\"@type\":\"ImageObject\",\"inLanguage\":\"ro-RO\",\"@id\":\"https:\/\/ariale.ro\/index.php\/product\/cearceaf-de-pat-cu-elastic-padurea-fermecata-ariale-multicolor\/#primaryimage\",\"url\":\"https:\/\/ariale.ro\/wp-content\/uploads\/2024\/02\/20210416_113610.jpg\",\"contentUrl\":\"https:\/\/ariale.ro\/wp-content\/uploads\/2024\/02\/20210416_113610.jpg\",\"width\":800,\"height\":700},{\"@type\":\"BreadcrumbList\",\"@id\":\"https:\/\/ariale.ro\/index.php\/product\/cearceaf-de-pat-cu-elastic-padurea-fermecata-ariale-multicolor\/#breadcrumb\",\"itemListElement\":[{\"@type\":\"ListItem\",\"position\":1,\"name\":\"Prima pagin\u0103\",\"item\":\"https:\/\/ariale.ro\/\"},{\"@type\":\"ListItem\",\"position\":2,\"name\":\"Shop\",\"item\":\"https:\/\/ariale.ro\/index.php\/shop\/\"},{\"@type\":\"ListItem\",\"position\":3,\"name\":\"Cearceaf de pat cu elastic, Padurea Fermecata Ariale, multicolor\"}]},{\"@type\":\"WebSite\",\"@id\":\"https:\/\/ariale.ro\/#website\",\"url\":\"https:\/\/ariale.ro\/\",\"name\":\"Handmade Constanta\",\"description\":\"Magazin online cu articole lucrate manual in Romania! Transport rapid! Preturi mici! Livrare din Stoc!\",\"potentialAction\":[{\"@type\":\"SearchAction\",\"target\":{\"@type\":\"EntryPoint\",\"urlTemplate\":\"https:\/\/ariale.ro\/?s={search_term_string}\"},\"query-input\":{\"@type\":\"PropertyValueSpecification\",\"valueRequired\":true,\"valueName\":\"search_term_string\"}}],\"inLanguage\":\"ro-RO\"}]}<\/script>\n<!-- \/ Yoast SEO plugin. -->","yoast_head_json":{"title":"Cearceaf de pat cu elastic, Padurea Fermecata Ariale, multicolor - Handmade Constanta","description":"Acest cearceaf de pat cu elastic este confec\u021bionat cu aten\u021bie din bumbac ranforce, garant\u00e2nd nu doar o textur\u0103 moale \u0219i pl\u0103cut\u0103 la atingere, ci \u0219i rezisten\u021b\u0103 \u0219i durabilitate \u00een timp.","robots":{"index":"index","follow":"follow","max-snippet":"max-snippet:-1","max-image-preview":"max-image-preview:large","max-video-preview":"max-video-preview:-1"},"canonical":"https:\/\/ariale.ro\/index.php\/product\/cearceaf-de-pat-cu-elastic-padurea-fermecata-ariale-multicolor\/","og_locale":"ro_RO","og_type":"article","og_title":"Cearceaf de pat cu elastic, Padurea Fermecata Ariale, multicolor - Handmade Constanta","og_description":"Acest cearceaf de pat cu elastic este confec\u021bionat cu aten\u021bie din bumbac ranforce, garant\u00e2nd nu doar o textur\u0103 moale \u0219i pl\u0103cut\u0103 la atingere, ci \u0219i rezisten\u021b\u0103 \u0219i durabilitate \u00een timp.","og_url":"https:\/\/ariale.ro\/index.php\/product\/cearceaf-de-pat-cu-elastic-padurea-fermecata-ariale-multicolor\/","og_site_name":"Handmade Constanta","article_modified_time":"2024-02-09T08:28:05+00:00","og_image":[{"width":800,"height":700,"url":"https:\/\/ariale.ro\/wp-content\/uploads\/2024\/02\/20210416_113610.jpg","type":"image\/jpeg"}],"twitter_card":"summary_large_image","twitter_misc":{"Timp estimat pentru citire":"2 minute"},"schema":{"@context":"https:\/\/schema.org","@graph":[{"@type":"WebPage","@id":"https:\/\/ariale.ro\/index.php\/product\/cearceaf-de-pat-cu-elastic-padurea-fermecata-ariale-multicolor\/","url":"https:\/\/ariale.ro\/index.php\/product\/cearceaf-de-pat-cu-elastic-padurea-fermecata-ariale-multicolor\/","name":"Cearceaf de pat cu elastic, Padurea Fermecata Ariale, multicolor - Handmade Constanta","isPartOf":{"@id":"https:\/\/ariale.ro\/#website"},"primaryImageOfPage":{"@id":"https:\/\/ariale.ro\/index.php\/product\/cearceaf-de-pat-cu-elastic-padurea-fermecata-ariale-multicolor\/#primaryimage"},"image":{"@id":"https:\/\/ariale.ro\/index.php\/product\/cearceaf-de-pat-cu-elastic-padurea-fermecata-ariale-multicolor\/#primaryimage"},"thumbnailUrl":"https:\/\/ariale.ro\/wp-content\/uploads\/2024\/02\/20210416_113610.jpg","datePublished":"2024-02-09T08:25:52+00:00","dateModified":"2024-02-09T08:28:05+00:00","description":"Acest cearceaf de pat cu elastic este confec\u021bionat cu aten\u021bie din bumbac ranforce, garant\u00e2nd nu doar o textur\u0103 moale \u0219i pl\u0103cut\u0103 la atingere, ci \u0219i rezisten\u021b\u0103 \u0219i durabilitate \u00een timp.","breadcrumb":{"@id":"https:\/\/ariale.ro\/index.php\/product\/cearceaf-de-pat-cu-elastic-padurea-fermecata-ariale-multicolor\/#breadcrumb"},"inLanguage":"ro-RO","potentialAction":[{"@type":"ReadAction","target":["https:\/\/ariale.ro\/index.php\/product\/cearceaf-de-pat-cu-elastic-padurea-fermecata-ariale-multicolor\/"]}]},{"@type":"ImageObject","inLanguage":"ro-RO","@id":"https:\/\/ariale.ro\/index.php\/product\/cearceaf-de-pat-cu-elastic-padurea-fermecata-ariale-multicolor\/#primaryimage","url":"https:\/\/ariale.ro\/wp-content\/uploads\/2024\/02\/20210416_113610.jpg","contentUrl":"https:\/\/ariale.ro\/wp-content\/uploads\/2024\/02\/20210416_113610.jpg","width":800,"height":700},{"@type":"BreadcrumbList","@id":"https:\/\/ariale.ro\/index.php\/product\/cearceaf-de-pat-cu-elastic-padurea-fermecata-ariale-multicolor\/#breadcrumb","itemListElement":[{"@type":"ListItem","position":1,"name":"Prima pagin\u0103","item":"https:\/\/ariale.ro\/"},{"@type":"ListItem","position":2,"name":"Shop","item":"https:\/\/ariale.ro\/index.php\/shop\/"},{"@type":"ListItem","position":3,"name":"Cearceaf de pat cu elastic, Padurea Fermecata Ariale, multicolor"}]},{"@type":"WebSite","@id":"https:\/\/ariale.ro\/#website","url":"https:\/\/ariale.ro\/","name":"Handmade Constanta","description":"Magazin online cu articole lucrate manual in Romania! Transport rapid! Preturi mici! Livrare din Stoc!","potentialAction":[{"@type":"SearchAction","target":{"@type":"EntryPoint","urlTemplate":"https:\/\/ariale.ro\/?s={search_term_string}"},"query-input":{"@type":"PropertyValueSpecification","valueRequired":true,"valueName":"search_term_string"}}],"inLanguage":"ro-RO"}]}},"_links":{"self":[{"href":"https:\/\/ariale.ro\/index.php\/wp-json\/wp\/v2\/product\/9969","targetHints":{"allow":["GET"]}}],"collection":[{"href":"https:\/\/ariale.ro\/index.php\/wp-json\/wp\/v2\/product"}],"about":[{"href":"https:\/\/ariale.ro\/index.php\/wp-json\/wp\/v2\/types\/product"}],"replies":[{"embeddable":true,"href":"https:\/\/ariale.ro\/index.php\/wp-json\/wp\/v2\/comments?post=9969"}],"wp:featuredmedia":[{"embeddable":true,"href":"https:\/\/ariale.ro\/index.php\/wp-json\/wp\/v2\/media\/9980"}],"wp:attachment":[{"href":"https:\/\/ariale.ro\/index.php\/wp-json\/wp\/v2\/media?parent=9969"}],"wp:term":[{"taxonomy":"product_brand","embeddable":true,"href":"https:\/\/ariale.ro\/index.php\/wp-json\/wp\/v2\/product_brand?post=9969"},{"taxonomy":"product_cat","embeddable":true,"href":"https:\/\/ariale.ro\/index.php\/wp-json\/wp\/v2\/product_cat?post=9969"},{"taxonomy":"product_tag","embeddable":true,"href":"https:\/\/ariale.ro\/index.php\/wp-json\/wp\/v2\/product_tag?post=9969"}],"curies":[{"name":"wp","href":"https:\/\/api.w.org\/{rel}","templated":true}]}}