{"id":9879,"date":"2024-01-27T19:03:44","date_gmt":"2024-01-27T19:03:44","guid":{"rendered":"https:\/\/ariale.ro\/?post_type=product&#038;p=9879"},"modified":"2024-01-27T19:07:26","modified_gmt":"2024-01-27T19:07:26","slug":"cearceaf-de-patut-cu-elastic-chic-hue-ariale-multicolor","status":"publish","type":"product","link":"https:\/\/ariale.ro\/index.php\/product\/cearceaf-de-patut-cu-elastic-chic-hue-ariale-multicolor\/","title":{"rendered":"Cearceaf de patut cu elastic, Chic Hue Ariale, multicolor"},"content":{"rendered":"<p>Chic Hue ARIALE aduce un strop de elegan\u021b\u0103 \u0219i prospetime in dormitorul t\u0103u cu un imprimeu delicat de floricele mici pe un fond alb imaculat. Realizat din bumbac ranforce, acest cearceaf imbin\u0103 frumuse\u021bea designului cu confortul \u0219i durabilitatea materialelor naturale.<\/p>\n<p>Materialele naturale de excep\u021bie din care este confec\u021bionat\u0103 ofer\u0103 o senza\u021bie pl\u0103cut\u0103 la atingere, contribuind la un somn odihnitor \u0219i relaxant. Tes\u0103tura fin\u0103, realizat\u0103 cu pricepere \u0219i aten\u021bie la detalii, confer\u0103 cearceafului rezisten\u021b\u0103 \u0219i durabilitate remarcabile.<\/p>\n<p>Produc\u021bia atent monitorizat\u0103 in atelierul nostru Ariale garanteaz\u0103 calitatea superioar\u0103 a acestui produs. Un aspect important al acestui cearceaf este elasticul integral, plasat cu grij\u0103 in jurul intregii margini, asigurandu-se astfel c\u0103 nu se va deplasa sau aluneca de pe saltea. Nu mai este nevoie s\u0103 ajustezi cearceafurile in fiecare diminea\u021b\u0103!<\/p>\n<p>Bumbacul ranforce, materialul ales pentru acest cearceaf, ofer\u0103 nu doar confort \u0219i prospe\u021bime, ci \u0219i rezisten\u021b\u0103 in timp. Transform\u0103-\u021bi patul intr-un col\u021b de rai cu cearceafurile noastre, \u0219i bucur\u0103-te de lini\u0219te \u0219i odihn\u0103 odihnitoare in fiecare noapte.<\/p>\n<p>Aceste cearceafuri acopera salteaua in intregime!<\/p>\n<p><strong>DETALII PRODUS<\/strong><\/p>\n<ul>\n<li>Setul contine 1 piesa:- 1 cearsaf de pat cu elastic (de jur-imprejur).<\/li>\n<\/ul>\n<p>Mod ambalare: punga pvc.<\/p>\n","protected":false},"excerpt":{"rendered":"<p>Produc\u021bia atent monitorizat\u0103 in atelierul nostru Ariale garanteaz\u0103 calitatea superioar\u0103 a acestui produs. Un aspect important al acestui cearceaf este elasticul integral, plasat cu grij\u0103 in jurul intregii margini, asigurandu-se astfel c\u0103 nu se va deplasa sau aluneca de pe saltea. Nu mai este nevoie s\u0103 ajustezi cearceafurile in fiecare diminea\u021b\u0103!<\/p>\n<ul>\n<li>Setul contine 1 piesa:- 1 cearsaf de pat cu elastic (de jur-imprejur).<\/li>\n<\/ul>\n","protected":false},"featured_media":9848,"comment_status":"open","ping_status":"closed","template":"","meta":[],"product_brand":[],"product_cat":[29],"product_tag":[],"class_list":{"0":"post-9879","1":"product","2":"type-product","3":"status-publish","4":"has-post-thumbnail","6":"product_cat-seturi-fete-perna","8":"first","9":"instock","10":"shipping-taxable","11":"purchasable","12":"product-type-variable"},"yoast_head":"<!-- This site is optimized with the Yoast SEO plugin v27.2 - https:\/\/yoast.com\/product\/yoast-seo-wordpress\/ -->\n<title>Cearceaf de patut cu elastic, Chic Hue Ariale, multicolor - Handmade Constanta<\/title>\n<meta name=\"description\" content=\"Chic Hue ARIALE aduce un strop de elegan\u021b\u0103 \u0219i prospetime in dormitorul t\u0103u cu un imprimeu delicat de floricele mici pe un fond alb imaculat. Realizat din bumbac ranforce, acest cearceaf imbin\u0103 frumuse\u021bea designului cu confortul \u0219i durabilitatea materialelor naturale.\" \/>\n<meta name=\"robots\" content=\"index, follow, max-snippet:-1, max-image-preview:large, max-video-preview:-1\" \/>\n<link rel=\"canonical\" href=\"https:\/\/ariale.ro\/index.php\/product\/cearceaf-de-patut-cu-elastic-chic-hue-ariale-multicolor\/\" \/>\n<meta property=\"og:locale\" content=\"ro_RO\" \/>\n<meta property=\"og:type\" content=\"article\" \/>\n<meta property=\"og:title\" content=\"Cearceaf de patut cu elastic, Chic Hue Ariale, multicolor - Handmade Constanta\" \/>\n<meta property=\"og:description\" content=\"Chic Hue ARIALE aduce un strop de elegan\u021b\u0103 \u0219i prospetime in dormitorul t\u0103u cu un imprimeu delicat de floricele mici pe un fond alb imaculat. Realizat din bumbac ranforce, acest cearceaf imbin\u0103 frumuse\u021bea designului cu confortul \u0219i durabilitatea materialelor naturale.\" \/>\n<meta property=\"og:url\" content=\"https:\/\/ariale.ro\/index.php\/product\/cearceaf-de-patut-cu-elastic-chic-hue-ariale-multicolor\/\" \/>\n<meta property=\"og:site_name\" content=\"Handmade Constanta\" \/>\n<meta property=\"article:modified_time\" content=\"2024-01-27T19:07:26+00:00\" \/>\n<meta property=\"og:image\" content=\"https:\/\/ariale.ro\/wp-content\/uploads\/2024\/01\/8-4.jpg\" \/>\n\t<meta property=\"og:image:width\" content=\"800\" \/>\n\t<meta property=\"og:image:height\" content=\"700\" \/>\n\t<meta property=\"og:image:type\" content=\"image\/jpeg\" \/>\n<meta name=\"twitter:card\" content=\"summary_large_image\" \/>\n<meta name=\"twitter:label1\" content=\"Timp estimat pentru citire\" \/>\n\t<meta name=\"twitter:data1\" content=\"2 minute\" \/>\n<script type=\"application\/ld+json\" class=\"yoast-schema-graph\">{\"@context\":\"https:\/\/schema.org\",\"@graph\":[{\"@type\":\"WebPage\",\"@id\":\"https:\/\/ariale.ro\/index.php\/product\/cearceaf-de-patut-cu-elastic-chic-hue-ariale-multicolor\/\",\"url\":\"https:\/\/ariale.ro\/index.php\/product\/cearceaf-de-patut-cu-elastic-chic-hue-ariale-multicolor\/\",\"name\":\"Cearceaf de patut cu elastic, Chic Hue Ariale, multicolor - Handmade Constanta\",\"isPartOf\":{\"@id\":\"https:\/\/ariale.ro\/#website\"},\"primaryImageOfPage\":{\"@id\":\"https:\/\/ariale.ro\/index.php\/product\/cearceaf-de-patut-cu-elastic-chic-hue-ariale-multicolor\/#primaryimage\"},\"image\":{\"@id\":\"https:\/\/ariale.ro\/index.php\/product\/cearceaf-de-patut-cu-elastic-chic-hue-ariale-multicolor\/#primaryimage\"},\"thumbnailUrl\":\"https:\/\/ariale.ro\/wp-content\/uploads\/2024\/01\/8-4.jpg\",\"datePublished\":\"2024-01-27T19:03:44+00:00\",\"dateModified\":\"2024-01-27T19:07:26+00:00\",\"description\":\"Chic Hue ARIALE aduce un strop de elegan\u021b\u0103 \u0219i prospetime in dormitorul t\u0103u cu un imprimeu delicat de floricele mici pe un fond alb imaculat. Realizat din bumbac ranforce, acest cearceaf imbin\u0103 frumuse\u021bea designului cu confortul \u0219i durabilitatea materialelor naturale.\",\"breadcrumb\":{\"@id\":\"https:\/\/ariale.ro\/index.php\/product\/cearceaf-de-patut-cu-elastic-chic-hue-ariale-multicolor\/#breadcrumb\"},\"inLanguage\":\"ro-RO\",\"potentialAction\":[{\"@type\":\"ReadAction\",\"target\":[\"https:\/\/ariale.ro\/index.php\/product\/cearceaf-de-patut-cu-elastic-chic-hue-ariale-multicolor\/\"]}]},{\"@type\":\"ImageObject\",\"inLanguage\":\"ro-RO\",\"@id\":\"https:\/\/ariale.ro\/index.php\/product\/cearceaf-de-patut-cu-elastic-chic-hue-ariale-multicolor\/#primaryimage\",\"url\":\"https:\/\/ariale.ro\/wp-content\/uploads\/2024\/01\/8-4.jpg\",\"contentUrl\":\"https:\/\/ariale.ro\/wp-content\/uploads\/2024\/01\/8-4.jpg\",\"width\":800,\"height\":700},{\"@type\":\"BreadcrumbList\",\"@id\":\"https:\/\/ariale.ro\/index.php\/product\/cearceaf-de-patut-cu-elastic-chic-hue-ariale-multicolor\/#breadcrumb\",\"itemListElement\":[{\"@type\":\"ListItem\",\"position\":1,\"name\":\"Prima pagin\u0103\",\"item\":\"https:\/\/ariale.ro\/\"},{\"@type\":\"ListItem\",\"position\":2,\"name\":\"Shop\",\"item\":\"https:\/\/ariale.ro\/index.php\/shop\/\"},{\"@type\":\"ListItem\",\"position\":3,\"name\":\"Cearceaf de patut cu elastic, Chic Hue Ariale, multicolor\"}]},{\"@type\":\"WebSite\",\"@id\":\"https:\/\/ariale.ro\/#website\",\"url\":\"https:\/\/ariale.ro\/\",\"name\":\"Handmade Constanta\",\"description\":\"Magazin online cu articole lucrate manual in Romania! Transport rapid! Preturi mici! Livrare din Stoc!\",\"potentialAction\":[{\"@type\":\"SearchAction\",\"target\":{\"@type\":\"EntryPoint\",\"urlTemplate\":\"https:\/\/ariale.ro\/?s={search_term_string}\"},\"query-input\":{\"@type\":\"PropertyValueSpecification\",\"valueRequired\":true,\"valueName\":\"search_term_string\"}}],\"inLanguage\":\"ro-RO\"}]}<\/script>\n<!-- \/ Yoast SEO plugin. -->","yoast_head_json":{"title":"Cearceaf de patut cu elastic, Chic Hue Ariale, multicolor - Handmade Constanta","description":"Chic Hue ARIALE aduce un strop de elegan\u021b\u0103 \u0219i prospetime in dormitorul t\u0103u cu un imprimeu delicat de floricele mici pe un fond alb imaculat. Realizat din bumbac ranforce, acest cearceaf imbin\u0103 frumuse\u021bea designului cu confortul \u0219i durabilitatea materialelor naturale.","robots":{"index":"index","follow":"follow","max-snippet":"max-snippet:-1","max-image-preview":"max-image-preview:large","max-video-preview":"max-video-preview:-1"},"canonical":"https:\/\/ariale.ro\/index.php\/product\/cearceaf-de-patut-cu-elastic-chic-hue-ariale-multicolor\/","og_locale":"ro_RO","og_type":"article","og_title":"Cearceaf de patut cu elastic, Chic Hue Ariale, multicolor - Handmade Constanta","og_description":"Chic Hue ARIALE aduce un strop de elegan\u021b\u0103 \u0219i prospetime in dormitorul t\u0103u cu un imprimeu delicat de floricele mici pe un fond alb imaculat. Realizat din bumbac ranforce, acest cearceaf imbin\u0103 frumuse\u021bea designului cu confortul \u0219i durabilitatea materialelor naturale.","og_url":"https:\/\/ariale.ro\/index.php\/product\/cearceaf-de-patut-cu-elastic-chic-hue-ariale-multicolor\/","og_site_name":"Handmade Constanta","article_modified_time":"2024-01-27T19:07:26+00:00","og_image":[{"width":800,"height":700,"url":"https:\/\/ariale.ro\/wp-content\/uploads\/2024\/01\/8-4.jpg","type":"image\/jpeg"}],"twitter_card":"summary_large_image","twitter_misc":{"Timp estimat pentru citire":"2 minute"},"schema":{"@context":"https:\/\/schema.org","@graph":[{"@type":"WebPage","@id":"https:\/\/ariale.ro\/index.php\/product\/cearceaf-de-patut-cu-elastic-chic-hue-ariale-multicolor\/","url":"https:\/\/ariale.ro\/index.php\/product\/cearceaf-de-patut-cu-elastic-chic-hue-ariale-multicolor\/","name":"Cearceaf de patut cu elastic, Chic Hue Ariale, multicolor - Handmade Constanta","isPartOf":{"@id":"https:\/\/ariale.ro\/#website"},"primaryImageOfPage":{"@id":"https:\/\/ariale.ro\/index.php\/product\/cearceaf-de-patut-cu-elastic-chic-hue-ariale-multicolor\/#primaryimage"},"image":{"@id":"https:\/\/ariale.ro\/index.php\/product\/cearceaf-de-patut-cu-elastic-chic-hue-ariale-multicolor\/#primaryimage"},"thumbnailUrl":"https:\/\/ariale.ro\/wp-content\/uploads\/2024\/01\/8-4.jpg","datePublished":"2024-01-27T19:03:44+00:00","dateModified":"2024-01-27T19:07:26+00:00","description":"Chic Hue ARIALE aduce un strop de elegan\u021b\u0103 \u0219i prospetime in dormitorul t\u0103u cu un imprimeu delicat de floricele mici pe un fond alb imaculat. Realizat din bumbac ranforce, acest cearceaf imbin\u0103 frumuse\u021bea designului cu confortul \u0219i durabilitatea materialelor naturale.","breadcrumb":{"@id":"https:\/\/ariale.ro\/index.php\/product\/cearceaf-de-patut-cu-elastic-chic-hue-ariale-multicolor\/#breadcrumb"},"inLanguage":"ro-RO","potentialAction":[{"@type":"ReadAction","target":["https:\/\/ariale.ro\/index.php\/product\/cearceaf-de-patut-cu-elastic-chic-hue-ariale-multicolor\/"]}]},{"@type":"ImageObject","inLanguage":"ro-RO","@id":"https:\/\/ariale.ro\/index.php\/product\/cearceaf-de-patut-cu-elastic-chic-hue-ariale-multicolor\/#primaryimage","url":"https:\/\/ariale.ro\/wp-content\/uploads\/2024\/01\/8-4.jpg","contentUrl":"https:\/\/ariale.ro\/wp-content\/uploads\/2024\/01\/8-4.jpg","width":800,"height":700},{"@type":"BreadcrumbList","@id":"https:\/\/ariale.ro\/index.php\/product\/cearceaf-de-patut-cu-elastic-chic-hue-ariale-multicolor\/#breadcrumb","itemListElement":[{"@type":"ListItem","position":1,"name":"Prima pagin\u0103","item":"https:\/\/ariale.ro\/"},{"@type":"ListItem","position":2,"name":"Shop","item":"https:\/\/ariale.ro\/index.php\/shop\/"},{"@type":"ListItem","position":3,"name":"Cearceaf de patut cu elastic, Chic Hue Ariale, multicolor"}]},{"@type":"WebSite","@id":"https:\/\/ariale.ro\/#website","url":"https:\/\/ariale.ro\/","name":"Handmade Constanta","description":"Magazin online cu articole lucrate manual in Romania! Transport rapid! Preturi mici! Livrare din Stoc!","potentialAction":[{"@type":"SearchAction","target":{"@type":"EntryPoint","urlTemplate":"https:\/\/ariale.ro\/?s={search_term_string}"},"query-input":{"@type":"PropertyValueSpecification","valueRequired":true,"valueName":"search_term_string"}}],"inLanguage":"ro-RO"}]}},"_links":{"self":[{"href":"https:\/\/ariale.ro\/index.php\/wp-json\/wp\/v2\/product\/9879","targetHints":{"allow":["GET"]}}],"collection":[{"href":"https:\/\/ariale.ro\/index.php\/wp-json\/wp\/v2\/product"}],"about":[{"href":"https:\/\/ariale.ro\/index.php\/wp-json\/wp\/v2\/types\/product"}],"replies":[{"embeddable":true,"href":"https:\/\/ariale.ro\/index.php\/wp-json\/wp\/v2\/comments?post=9879"}],"wp:featuredmedia":[{"embeddable":true,"href":"https:\/\/ariale.ro\/index.php\/wp-json\/wp\/v2\/media\/9848"}],"wp:attachment":[{"href":"https:\/\/ariale.ro\/index.php\/wp-json\/wp\/v2\/media?parent=9879"}],"wp:term":[{"taxonomy":"product_brand","embeddable":true,"href":"https:\/\/ariale.ro\/index.php\/wp-json\/wp\/v2\/product_brand?post=9879"},{"taxonomy":"product_cat","embeddable":true,"href":"https:\/\/ariale.ro\/index.php\/wp-json\/wp\/v2\/product_cat?post=9879"},{"taxonomy":"product_tag","embeddable":true,"href":"https:\/\/ariale.ro\/index.php\/wp-json\/wp\/v2\/product_tag?post=9879"}],"curies":[{"name":"wp","href":"https:\/\/api.w.org\/{rel}","templated":true}]}}