{"id":9027,"date":"2023-11-17T12:01:37","date_gmt":"2023-11-17T12:01:37","guid":{"rendered":"https:\/\/ariale.ro\/?post_type=product&#038;p=9027"},"modified":"2026-01-09T20:29:49","modified_gmt":"2026-01-09T20:29:49","slug":"lenjerie-de-pat-pentru-2-persoane-4-piese-reni-craciun-design-by-ariale-bumbac-ranforce-multicolor","status":"publish","type":"product","link":"https:\/\/ariale.ro\/index.php\/product\/lenjerie-de-pat-pentru-2-persoane-4-piese-reni-craciun-design-by-ariale-bumbac-ranforce-multicolor\/","title":{"rendered":"Lenjerie de pat pentru 2 persoane, 4 piese, Reni Craciun Design by ARIALE, bumbac ranforce, Multicolor"},"content":{"rendered":"<p>Descoper\u0103 magia s\u0103rb\u0103torilor cu lenjeria de pat pentru 2 persoane Reni Craciun Design by ARIALE. Aceast\u0103 colec\u021bie elegant\u0103 \u0219i festiv\u0103 aduce atmosfera magic\u0103 a Cr\u0103ciunului \u00een dormitorul t\u0103u. Cu 4 piese excep\u021bionale \u0219i un design distinctiv de reni, acest set este creat pentru a aduce un plus de confort \u0219i stil \u00een locuin\u021ba ta.<\/p>\n<p>Fabricat\u0103 din bumbac ranforce de cea mai \u00eenalt\u0103 calitate, lenjeria este atent lucrat\u0103 pentru a oferi o rezisten\u021b\u0103 remarcabil\u0103. Materialele naturale de excep\u021bie \u0219i tes\u0103tura fin\u0103 executat\u0103 cu maiestrie asigur\u0103 c\u0103 aceast\u0103 lenjerie va fi parte integrant\u0103 a dormitorului t\u0103u pentru o perioad\u0103 lung\u0103 de timp, men\u021bin\u00e2ndu-\u0219i str\u0103lucirea \u0219i luminozitatea ini\u021biale.<\/p>\n<p>Cu o densitate de 120 g\/m2 \u0219i o constructie tesatura de 144 fire\/inch2, aceast\u0103 lenjerie de pat este nu doar pl\u0103cut\u0103 la atingere, ci \u0219i rezistent\u0103 la uzura cotidian\u0103. Este samforizat\u0103, ceea ce \u00eenseamn\u0103 c\u0103 are contractii foarte reduse la sp\u0103l\u0103rile repetate la temperaturi ridicate, asigur\u00e2nd astfel o utilizare \u00eendelungat\u0103.<\/p>\n<p>Setul de lenjerie este compus dintr-un cearceaf de pat generos de 220&#215;240 cm, un cearceaf pentru pilota 200&#215;220 cm \u0219i dou\u0103 fe\u021be de pern\u0103 elegante 50&#215;70 cm . Este perfect pentru utilizare \u00een uz domestic, aduc\u00e2nd confort \u0219i c\u0103ldur\u0103 \u00een propriul t\u0103u c\u0103min. Completeaz\u0103 atmosfera festiv\u0103 a s\u0103rb\u0103torilor cu Lenjeria de Pat &#8222;Reni Craciun Design by ARIALE&#8221;, unde designul atr\u0103g\u0103tor \u0219i calitatea excep\u021bional\u0103 se \u00eent\u00e2lnesc \u00eentr-un mod unic.<\/p>\n","protected":false},"excerpt":{"rendered":"<p>Fabricat\u0103 din bumbac ranforce de cea mai \u00eenalt\u0103 calitate, lenjeria este atent lucrat\u0103 pentru a oferi o rezisten\u021b\u0103 remarcabil\u0103. Materialele naturale de excep\u021bie \u0219i tes\u0103tura fin\u0103 executat\u0103 cu maiestrie asigur\u0103 c\u0103 aceast\u0103 lenjerie va fi parte integrant\u0103 a dormitorului t\u0103u pentru o perioad\u0103 lung\u0103 de timp, men\u021bin\u00e2ndu-\u0219i str\u0103lucirea \u0219i luminozitatea ini\u021biale.<\/p>\n<p>Setul de lenjerie este compus dintr-un cearceaf de pat generos de 220&#215;240 cm, un cearceaf pentru pilota 200&#215;220 cm \u0219i dou\u0103 fe\u021be de pern\u0103 elegante 50&#215;70 cm .<\/p>\n","protected":false},"featured_media":9044,"comment_status":"open","ping_status":"closed","template":"","meta":[],"product_brand":[],"product_cat":[180],"product_tag":[],"class_list":{"0":"post-9027","1":"product","2":"type-product","3":"status-publish","4":"has-post-thumbnail","6":"product_cat-craciun","8":"first","9":"instock","10":"shipping-taxable","11":"purchasable","12":"product-type-simple"},"yoast_head":"<!-- This site is optimized with the Yoast SEO plugin v27.2 - https:\/\/yoast.com\/product\/yoast-seo-wordpress\/ -->\n<title>Lenjerie de pat pentru 2 persoane, 4 piese, Reni Craciun Design by ARIALE, bumbac ranforce, Multicolor - Handmade Constanta<\/title>\n<meta name=\"description\" content=\"Fabricat\u0103 din bumbac ranforce de cea mai \u00eenalt\u0103 calitate, lenjeria este atent lucrat\u0103 pentru a oferi o rezisten\u021b\u0103 remarcabil\u0103. Materialele naturale de excep\u021bie \u0219i tes\u0103tura fin\u0103 executat\u0103 cu maiestrie asigur\u0103 c\u0103 aceast\u0103 lenjerie va fi parte integrant\u0103 a dormitorului t\u0103u pentru o perioad\u0103 lung\u0103 de timp, men\u021bin\u00e2ndu-\u0219i str\u0103lucirea \u0219i luminozitatea ini\u021biale.\" \/>\n<meta name=\"robots\" content=\"index, follow, max-snippet:-1, max-image-preview:large, max-video-preview:-1\" \/>\n<link rel=\"canonical\" href=\"https:\/\/ariale.ro\/index.php\/product\/lenjerie-de-pat-pentru-2-persoane-4-piese-reni-craciun-design-by-ariale-bumbac-ranforce-multicolor\/\" \/>\n<meta property=\"og:locale\" content=\"ro_RO\" \/>\n<meta property=\"og:type\" content=\"article\" \/>\n<meta property=\"og:title\" content=\"Lenjerie de pat pentru 2 persoane, 4 piese, Reni Craciun Design by ARIALE, bumbac ranforce, Multicolor - Handmade Constanta\" \/>\n<meta property=\"og:description\" content=\"Fabricat\u0103 din bumbac ranforce de cea mai \u00eenalt\u0103 calitate, lenjeria este atent lucrat\u0103 pentru a oferi o rezisten\u021b\u0103 remarcabil\u0103. Materialele naturale de excep\u021bie \u0219i tes\u0103tura fin\u0103 executat\u0103 cu maiestrie asigur\u0103 c\u0103 aceast\u0103 lenjerie va fi parte integrant\u0103 a dormitorului t\u0103u pentru o perioad\u0103 lung\u0103 de timp, men\u021bin\u00e2ndu-\u0219i str\u0103lucirea \u0219i luminozitatea ini\u021biale.\" \/>\n<meta property=\"og:url\" content=\"https:\/\/ariale.ro\/index.php\/product\/lenjerie-de-pat-pentru-2-persoane-4-piese-reni-craciun-design-by-ariale-bumbac-ranforce-multicolor\/\" \/>\n<meta property=\"og:site_name\" content=\"Handmade Constanta\" \/>\n<meta property=\"article:modified_time\" content=\"2026-01-09T20:29:49+00:00\" \/>\n<meta property=\"og:image\" content=\"https:\/\/ariale.ro\/wp-content\/uploads\/2023\/11\/20221004_130342.jpg\" \/>\n\t<meta property=\"og:image:width\" content=\"800\" \/>\n\t<meta property=\"og:image:height\" content=\"700\" \/>\n\t<meta property=\"og:image:type\" content=\"image\/jpeg\" \/>\n<meta name=\"twitter:card\" content=\"summary_large_image\" \/>\n<meta name=\"twitter:label1\" content=\"Timp estimat pentru citire\" \/>\n\t<meta name=\"twitter:data1\" content=\"2 minute\" \/>\n<script type=\"application\/ld+json\" class=\"yoast-schema-graph\">{\"@context\":\"https:\/\/schema.org\",\"@graph\":[{\"@type\":\"WebPage\",\"@id\":\"https:\/\/ariale.ro\/index.php\/product\/lenjerie-de-pat-pentru-2-persoane-4-piese-reni-craciun-design-by-ariale-bumbac-ranforce-multicolor\/\",\"url\":\"https:\/\/ariale.ro\/index.php\/product\/lenjerie-de-pat-pentru-2-persoane-4-piese-reni-craciun-design-by-ariale-bumbac-ranforce-multicolor\/\",\"name\":\"Lenjerie de pat pentru 2 persoane, 4 piese, Reni Craciun Design by ARIALE, bumbac ranforce, Multicolor - Handmade Constanta\",\"isPartOf\":{\"@id\":\"https:\/\/ariale.ro\/#website\"},\"primaryImageOfPage\":{\"@id\":\"https:\/\/ariale.ro\/index.php\/product\/lenjerie-de-pat-pentru-2-persoane-4-piese-reni-craciun-design-by-ariale-bumbac-ranforce-multicolor\/#primaryimage\"},\"image\":{\"@id\":\"https:\/\/ariale.ro\/index.php\/product\/lenjerie-de-pat-pentru-2-persoane-4-piese-reni-craciun-design-by-ariale-bumbac-ranforce-multicolor\/#primaryimage\"},\"thumbnailUrl\":\"https:\/\/ariale.ro\/wp-content\/uploads\/2023\/11\/20221004_130342.jpg\",\"datePublished\":\"2023-11-17T12:01:37+00:00\",\"dateModified\":\"2026-01-09T20:29:49+00:00\",\"description\":\"Fabricat\u0103 din bumbac ranforce de cea mai \u00eenalt\u0103 calitate, lenjeria este atent lucrat\u0103 pentru a oferi o rezisten\u021b\u0103 remarcabil\u0103. Materialele naturale de excep\u021bie \u0219i tes\u0103tura fin\u0103 executat\u0103 cu maiestrie asigur\u0103 c\u0103 aceast\u0103 lenjerie va fi parte integrant\u0103 a dormitorului t\u0103u pentru o perioad\u0103 lung\u0103 de timp, men\u021bin\u00e2ndu-\u0219i str\u0103lucirea \u0219i luminozitatea ini\u021biale.\",\"breadcrumb\":{\"@id\":\"https:\/\/ariale.ro\/index.php\/product\/lenjerie-de-pat-pentru-2-persoane-4-piese-reni-craciun-design-by-ariale-bumbac-ranforce-multicolor\/#breadcrumb\"},\"inLanguage\":\"ro-RO\",\"potentialAction\":[{\"@type\":\"ReadAction\",\"target\":[\"https:\/\/ariale.ro\/index.php\/product\/lenjerie-de-pat-pentru-2-persoane-4-piese-reni-craciun-design-by-ariale-bumbac-ranforce-multicolor\/\"]}]},{\"@type\":\"ImageObject\",\"inLanguage\":\"ro-RO\",\"@id\":\"https:\/\/ariale.ro\/index.php\/product\/lenjerie-de-pat-pentru-2-persoane-4-piese-reni-craciun-design-by-ariale-bumbac-ranforce-multicolor\/#primaryimage\",\"url\":\"https:\/\/ariale.ro\/wp-content\/uploads\/2023\/11\/20221004_130342.jpg\",\"contentUrl\":\"https:\/\/ariale.ro\/wp-content\/uploads\/2023\/11\/20221004_130342.jpg\",\"width\":800,\"height\":700},{\"@type\":\"BreadcrumbList\",\"@id\":\"https:\/\/ariale.ro\/index.php\/product\/lenjerie-de-pat-pentru-2-persoane-4-piese-reni-craciun-design-by-ariale-bumbac-ranforce-multicolor\/#breadcrumb\",\"itemListElement\":[{\"@type\":\"ListItem\",\"position\":1,\"name\":\"Prima pagin\u0103\",\"item\":\"https:\/\/ariale.ro\/\"},{\"@type\":\"ListItem\",\"position\":2,\"name\":\"Shop\",\"item\":\"https:\/\/ariale.ro\/index.php\/shop\/\"},{\"@type\":\"ListItem\",\"position\":3,\"name\":\"Lenjerie de pat pentru 2 persoane, 4 piese, Reni Craciun Design by ARIALE, bumbac ranforce, Multicolor\"}]},{\"@type\":\"WebSite\",\"@id\":\"https:\/\/ariale.ro\/#website\",\"url\":\"https:\/\/ariale.ro\/\",\"name\":\"Handmade Constanta\",\"description\":\"Magazin online cu articole lucrate manual in Romania! Transport rapid! Preturi mici! Livrare din Stoc!\",\"potentialAction\":[{\"@type\":\"SearchAction\",\"target\":{\"@type\":\"EntryPoint\",\"urlTemplate\":\"https:\/\/ariale.ro\/?s={search_term_string}\"},\"query-input\":{\"@type\":\"PropertyValueSpecification\",\"valueRequired\":true,\"valueName\":\"search_term_string\"}}],\"inLanguage\":\"ro-RO\"}]}<\/script>\n<!-- \/ Yoast SEO plugin. -->","yoast_head_json":{"title":"Lenjerie de pat pentru 2 persoane, 4 piese, Reni Craciun Design by ARIALE, bumbac ranforce, Multicolor - Handmade Constanta","description":"Fabricat\u0103 din bumbac ranforce de cea mai \u00eenalt\u0103 calitate, lenjeria este atent lucrat\u0103 pentru a oferi o rezisten\u021b\u0103 remarcabil\u0103. Materialele naturale de excep\u021bie \u0219i tes\u0103tura fin\u0103 executat\u0103 cu maiestrie asigur\u0103 c\u0103 aceast\u0103 lenjerie va fi parte integrant\u0103 a dormitorului t\u0103u pentru o perioad\u0103 lung\u0103 de timp, men\u021bin\u00e2ndu-\u0219i str\u0103lucirea \u0219i luminozitatea ini\u021biale.","robots":{"index":"index","follow":"follow","max-snippet":"max-snippet:-1","max-image-preview":"max-image-preview:large","max-video-preview":"max-video-preview:-1"},"canonical":"https:\/\/ariale.ro\/index.php\/product\/lenjerie-de-pat-pentru-2-persoane-4-piese-reni-craciun-design-by-ariale-bumbac-ranforce-multicolor\/","og_locale":"ro_RO","og_type":"article","og_title":"Lenjerie de pat pentru 2 persoane, 4 piese, Reni Craciun Design by ARIALE, bumbac ranforce, Multicolor - Handmade Constanta","og_description":"Fabricat\u0103 din bumbac ranforce de cea mai \u00eenalt\u0103 calitate, lenjeria este atent lucrat\u0103 pentru a oferi o rezisten\u021b\u0103 remarcabil\u0103. Materialele naturale de excep\u021bie \u0219i tes\u0103tura fin\u0103 executat\u0103 cu maiestrie asigur\u0103 c\u0103 aceast\u0103 lenjerie va fi parte integrant\u0103 a dormitorului t\u0103u pentru o perioad\u0103 lung\u0103 de timp, men\u021bin\u00e2ndu-\u0219i str\u0103lucirea \u0219i luminozitatea ini\u021biale.","og_url":"https:\/\/ariale.ro\/index.php\/product\/lenjerie-de-pat-pentru-2-persoane-4-piese-reni-craciun-design-by-ariale-bumbac-ranforce-multicolor\/","og_site_name":"Handmade Constanta","article_modified_time":"2026-01-09T20:29:49+00:00","og_image":[{"width":800,"height":700,"url":"https:\/\/ariale.ro\/wp-content\/uploads\/2023\/11\/20221004_130342.jpg","type":"image\/jpeg"}],"twitter_card":"summary_large_image","twitter_misc":{"Timp estimat pentru citire":"2 minute"},"schema":{"@context":"https:\/\/schema.org","@graph":[{"@type":"WebPage","@id":"https:\/\/ariale.ro\/index.php\/product\/lenjerie-de-pat-pentru-2-persoane-4-piese-reni-craciun-design-by-ariale-bumbac-ranforce-multicolor\/","url":"https:\/\/ariale.ro\/index.php\/product\/lenjerie-de-pat-pentru-2-persoane-4-piese-reni-craciun-design-by-ariale-bumbac-ranforce-multicolor\/","name":"Lenjerie de pat pentru 2 persoane, 4 piese, Reni Craciun Design by ARIALE, bumbac ranforce, Multicolor - Handmade Constanta","isPartOf":{"@id":"https:\/\/ariale.ro\/#website"},"primaryImageOfPage":{"@id":"https:\/\/ariale.ro\/index.php\/product\/lenjerie-de-pat-pentru-2-persoane-4-piese-reni-craciun-design-by-ariale-bumbac-ranforce-multicolor\/#primaryimage"},"image":{"@id":"https:\/\/ariale.ro\/index.php\/product\/lenjerie-de-pat-pentru-2-persoane-4-piese-reni-craciun-design-by-ariale-bumbac-ranforce-multicolor\/#primaryimage"},"thumbnailUrl":"https:\/\/ariale.ro\/wp-content\/uploads\/2023\/11\/20221004_130342.jpg","datePublished":"2023-11-17T12:01:37+00:00","dateModified":"2026-01-09T20:29:49+00:00","description":"Fabricat\u0103 din bumbac ranforce de cea mai \u00eenalt\u0103 calitate, lenjeria este atent lucrat\u0103 pentru a oferi o rezisten\u021b\u0103 remarcabil\u0103. Materialele naturale de excep\u021bie \u0219i tes\u0103tura fin\u0103 executat\u0103 cu maiestrie asigur\u0103 c\u0103 aceast\u0103 lenjerie va fi parte integrant\u0103 a dormitorului t\u0103u pentru o perioad\u0103 lung\u0103 de timp, men\u021bin\u00e2ndu-\u0219i str\u0103lucirea \u0219i luminozitatea ini\u021biale.","breadcrumb":{"@id":"https:\/\/ariale.ro\/index.php\/product\/lenjerie-de-pat-pentru-2-persoane-4-piese-reni-craciun-design-by-ariale-bumbac-ranforce-multicolor\/#breadcrumb"},"inLanguage":"ro-RO","potentialAction":[{"@type":"ReadAction","target":["https:\/\/ariale.ro\/index.php\/product\/lenjerie-de-pat-pentru-2-persoane-4-piese-reni-craciun-design-by-ariale-bumbac-ranforce-multicolor\/"]}]},{"@type":"ImageObject","inLanguage":"ro-RO","@id":"https:\/\/ariale.ro\/index.php\/product\/lenjerie-de-pat-pentru-2-persoane-4-piese-reni-craciun-design-by-ariale-bumbac-ranforce-multicolor\/#primaryimage","url":"https:\/\/ariale.ro\/wp-content\/uploads\/2023\/11\/20221004_130342.jpg","contentUrl":"https:\/\/ariale.ro\/wp-content\/uploads\/2023\/11\/20221004_130342.jpg","width":800,"height":700},{"@type":"BreadcrumbList","@id":"https:\/\/ariale.ro\/index.php\/product\/lenjerie-de-pat-pentru-2-persoane-4-piese-reni-craciun-design-by-ariale-bumbac-ranforce-multicolor\/#breadcrumb","itemListElement":[{"@type":"ListItem","position":1,"name":"Prima pagin\u0103","item":"https:\/\/ariale.ro\/"},{"@type":"ListItem","position":2,"name":"Shop","item":"https:\/\/ariale.ro\/index.php\/shop\/"},{"@type":"ListItem","position":3,"name":"Lenjerie de pat pentru 2 persoane, 4 piese, Reni Craciun Design by ARIALE, bumbac ranforce, Multicolor"}]},{"@type":"WebSite","@id":"https:\/\/ariale.ro\/#website","url":"https:\/\/ariale.ro\/","name":"Handmade Constanta","description":"Magazin online cu articole lucrate manual in Romania! Transport rapid! Preturi mici! Livrare din Stoc!","potentialAction":[{"@type":"SearchAction","target":{"@type":"EntryPoint","urlTemplate":"https:\/\/ariale.ro\/?s={search_term_string}"},"query-input":{"@type":"PropertyValueSpecification","valueRequired":true,"valueName":"search_term_string"}}],"inLanguage":"ro-RO"}]}},"_links":{"self":[{"href":"https:\/\/ariale.ro\/index.php\/wp-json\/wp\/v2\/product\/9027","targetHints":{"allow":["GET"]}}],"collection":[{"href":"https:\/\/ariale.ro\/index.php\/wp-json\/wp\/v2\/product"}],"about":[{"href":"https:\/\/ariale.ro\/index.php\/wp-json\/wp\/v2\/types\/product"}],"replies":[{"embeddable":true,"href":"https:\/\/ariale.ro\/index.php\/wp-json\/wp\/v2\/comments?post=9027"}],"wp:featuredmedia":[{"embeddable":true,"href":"https:\/\/ariale.ro\/index.php\/wp-json\/wp\/v2\/media\/9044"}],"wp:attachment":[{"href":"https:\/\/ariale.ro\/index.php\/wp-json\/wp\/v2\/media?parent=9027"}],"wp:term":[{"taxonomy":"product_brand","embeddable":true,"href":"https:\/\/ariale.ro\/index.php\/wp-json\/wp\/v2\/product_brand?post=9027"},{"taxonomy":"product_cat","embeddable":true,"href":"https:\/\/ariale.ro\/index.php\/wp-json\/wp\/v2\/product_cat?post=9027"},{"taxonomy":"product_tag","embeddable":true,"href":"https:\/\/ariale.ro\/index.php\/wp-json\/wp\/v2\/product_tag?post=9027"}],"curies":[{"name":"wp","href":"https:\/\/api.w.org\/{rel}","templated":true}]}}