{"id":9004,"date":"2023-11-17T11:06:07","date_gmt":"2023-11-17T11:06:07","guid":{"rendered":"https:\/\/ariale.ro\/?post_type=product&#038;p=9004"},"modified":"2024-01-26T18:50:04","modified_gmt":"2024-01-26T18:50:04","slug":"lenjerie-pat-single-vis-de-craciun-ariale","status":"publish","type":"product","link":"https:\/\/ariale.ro\/index.php\/product\/lenjerie-pat-single-vis-de-craciun-ariale\/","title":{"rendered":"Lenjerie pat Single, Vis de Craciun, 3piese, Ariale"},"content":{"rendered":"<p>Lenjeria de Cr\u0103ciun Ariale reprezint\u0103 alegerea perfect\u0103 pentru a aduce un strop de magie \u0219i festivitate \u00een dormitorul t\u0103u sau pentru a oferi un cadou cu adev\u0103rat special. Aceast\u0103 lenjerie excep\u021bional\u0103 este fabricat\u0103 cu grij\u0103 \u00een atelierul Ariale, garant\u00e2nd calitatea \u0219i aten\u021bia la detalii.<\/p>\n<p>Designul elegant al lenjeriei este inspirat de spiritul Cr\u0103ciunului, cu motive festive imprimate pe un fond alb imaculat. Realizat\u0103 din bumbac ranforce de \u00eenalt\u0103 calitate, lenjeria ofer\u0103 o senza\u021bie moale \u0219i pl\u0103cut\u0103 la atingere, asigur\u00e2nd \u00een acela\u0219i timp rezisten\u021b\u0103 \u0219i durabilitate. 100% fibr\u0103 de bumbac confer\u0103 un confort excep\u021bional \u0219i asigur\u0103 o noapte de somn odihnitoare.<\/p>\n<p>Setul include un cearceaf de pat generos de 140&#215;240 cm, un cearceaf de pilota de 140&#215;220 cm \u0219i o fa\u021ba de pern\u0103 elegante de 50&#215;70 cm, oferind tot ce ai nevoie pentru a-\u021bi transforma dormitorul \u00eentr-un sanctuar de iarn\u0103.<\/p>\n<p>Ideal\u0103 pentru a aduce un aer festiv \u00een casa ta sau pentru a fi oferit\u0103 drept cadou cu adev\u0103rat special, lenjeria de Cr\u0103ciun Ariale adaug\u0103 o not\u0103 de elegan\u021b\u0103 \u0219i c\u0103ldur\u0103 \u00een orice dormitor. Fiecare detaliu a fost g\u00e2ndit cu grij\u0103 pentru a oferi o experien\u021b\u0103 deosebit\u0103, transform\u00e2nd fiecare noapte \u00eentr-un moment magic \u00een timpul s\u0103rb\u0103torilor de iarn\u0103.<\/p>\n","protected":false},"excerpt":{"rendered":"<p>Lenjeria de Cr\u0103ciun Ariale reprezint\u0103 alegerea perfect\u0103 pentru a aduce un strop de magie \u0219i festivitate \u00een dormitorul t\u0103u sau pentru a oferi un cadou cu adev\u0103rat special. Aceast\u0103 lenjerie excep\u021bional\u0103 este fabricat\u0103 cu grij\u0103 \u00een atelierul Ariale, garant\u00e2nd calitatea \u0219i aten\u021bia la detalii.<\/p>\n","protected":false},"featured_media":9003,"comment_status":"open","ping_status":"closed","template":"","meta":[],"product_brand":[],"product_cat":[180],"product_tag":[],"class_list":{"0":"post-9004","1":"product","2":"type-product","3":"status-publish","4":"has-post-thumbnail","6":"product_cat-craciun","8":"first","9":"outofstock","10":"shipping-taxable","11":"purchasable","12":"product-type-simple"},"yoast_head":"<!-- This site is optimized with the Yoast SEO plugin v27.2 - https:\/\/yoast.com\/product\/yoast-seo-wordpress\/ -->\n<title>Lenjerie pat Single, Vis de Craciun, 3piese, Ariale - Handmade Constanta<\/title>\n<meta name=\"description\" content=\"Lenjeria de Cr\u0103ciun Ariale reprezint\u0103 alegerea perfect\u0103 pentru a aduce un strop de magie \u0219i festivitate \u00een dormitorul t\u0103u sau pentru a oferi un cadou cu adev\u0103rat special. Aceast\u0103 lenjerie excep\u021bional\u0103 este fabricat\u0103 cu grij\u0103 \u00een atelierul Ariale, garant\u00e2nd calitatea \u0219i aten\u021bia la detalii.\" \/>\n<meta name=\"robots\" content=\"index, follow, max-snippet:-1, max-image-preview:large, max-video-preview:-1\" \/>\n<link rel=\"canonical\" href=\"https:\/\/ariale.ro\/index.php\/product\/lenjerie-pat-single-vis-de-craciun-ariale\/\" \/>\n<meta property=\"og:locale\" content=\"ro_RO\" \/>\n<meta property=\"og:type\" content=\"article\" \/>\n<meta property=\"og:title\" content=\"Lenjerie pat Single, Vis de Craciun, 3piese, Ariale - Handmade Constanta\" \/>\n<meta property=\"og:description\" content=\"Lenjeria de Cr\u0103ciun Ariale reprezint\u0103 alegerea perfect\u0103 pentru a aduce un strop de magie \u0219i festivitate \u00een dormitorul t\u0103u sau pentru a oferi un cadou cu adev\u0103rat special. Aceast\u0103 lenjerie excep\u021bional\u0103 este fabricat\u0103 cu grij\u0103 \u00een atelierul Ariale, garant\u00e2nd calitatea \u0219i aten\u021bia la detalii.\" \/>\n<meta property=\"og:url\" content=\"https:\/\/ariale.ro\/index.php\/product\/lenjerie-pat-single-vis-de-craciun-ariale\/\" \/>\n<meta property=\"og:site_name\" content=\"Handmade Constanta\" \/>\n<meta property=\"article:modified_time\" content=\"2024-01-26T18:50:04+00:00\" \/>\n<meta property=\"og:image\" content=\"https:\/\/ariale.ro\/wp-content\/uploads\/2023\/11\/10-4.jpg\" \/>\n\t<meta property=\"og:image:width\" content=\"800\" \/>\n\t<meta property=\"og:image:height\" content=\"700\" \/>\n\t<meta property=\"og:image:type\" content=\"image\/jpeg\" \/>\n<meta name=\"twitter:card\" content=\"summary_large_image\" \/>\n<meta name=\"twitter:label1\" content=\"Timp estimat pentru citire\" \/>\n\t<meta name=\"twitter:data1\" content=\"2 minute\" \/>\n<script type=\"application\/ld+json\" class=\"yoast-schema-graph\">{\"@context\":\"https:\/\/schema.org\",\"@graph\":[{\"@type\":\"WebPage\",\"@id\":\"https:\/\/ariale.ro\/index.php\/product\/lenjerie-pat-single-vis-de-craciun-ariale\/\",\"url\":\"https:\/\/ariale.ro\/index.php\/product\/lenjerie-pat-single-vis-de-craciun-ariale\/\",\"name\":\"Lenjerie pat Single, Vis de Craciun, 3piese, Ariale - Handmade Constanta\",\"isPartOf\":{\"@id\":\"https:\/\/ariale.ro\/#website\"},\"primaryImageOfPage\":{\"@id\":\"https:\/\/ariale.ro\/index.php\/product\/lenjerie-pat-single-vis-de-craciun-ariale\/#primaryimage\"},\"image\":{\"@id\":\"https:\/\/ariale.ro\/index.php\/product\/lenjerie-pat-single-vis-de-craciun-ariale\/#primaryimage\"},\"thumbnailUrl\":\"https:\/\/ariale.ro\/wp-content\/uploads\/2023\/11\/10-4.jpg\",\"datePublished\":\"2023-11-17T11:06:07+00:00\",\"dateModified\":\"2024-01-26T18:50:04+00:00\",\"description\":\"Lenjeria de Cr\u0103ciun Ariale reprezint\u0103 alegerea perfect\u0103 pentru a aduce un strop de magie \u0219i festivitate \u00een dormitorul t\u0103u sau pentru a oferi un cadou cu adev\u0103rat special. Aceast\u0103 lenjerie excep\u021bional\u0103 este fabricat\u0103 cu grij\u0103 \u00een atelierul Ariale, garant\u00e2nd calitatea \u0219i aten\u021bia la detalii.\",\"breadcrumb\":{\"@id\":\"https:\/\/ariale.ro\/index.php\/product\/lenjerie-pat-single-vis-de-craciun-ariale\/#breadcrumb\"},\"inLanguage\":\"ro-RO\",\"potentialAction\":[{\"@type\":\"ReadAction\",\"target\":[\"https:\/\/ariale.ro\/index.php\/product\/lenjerie-pat-single-vis-de-craciun-ariale\/\"]}]},{\"@type\":\"ImageObject\",\"inLanguage\":\"ro-RO\",\"@id\":\"https:\/\/ariale.ro\/index.php\/product\/lenjerie-pat-single-vis-de-craciun-ariale\/#primaryimage\",\"url\":\"https:\/\/ariale.ro\/wp-content\/uploads\/2023\/11\/10-4.jpg\",\"contentUrl\":\"https:\/\/ariale.ro\/wp-content\/uploads\/2023\/11\/10-4.jpg\",\"width\":800,\"height\":700},{\"@type\":\"BreadcrumbList\",\"@id\":\"https:\/\/ariale.ro\/index.php\/product\/lenjerie-pat-single-vis-de-craciun-ariale\/#breadcrumb\",\"itemListElement\":[{\"@type\":\"ListItem\",\"position\":1,\"name\":\"Prima pagin\u0103\",\"item\":\"https:\/\/ariale.ro\/\"},{\"@type\":\"ListItem\",\"position\":2,\"name\":\"Shop\",\"item\":\"https:\/\/ariale.ro\/index.php\/shop\/\"},{\"@type\":\"ListItem\",\"position\":3,\"name\":\"Lenjerie pat Single, Vis de Craciun, 3piese, Ariale\"}]},{\"@type\":\"WebSite\",\"@id\":\"https:\/\/ariale.ro\/#website\",\"url\":\"https:\/\/ariale.ro\/\",\"name\":\"Handmade Constanta\",\"description\":\"Magazin online cu articole lucrate manual in Romania! Transport rapid! Preturi mici! Livrare din Stoc!\",\"potentialAction\":[{\"@type\":\"SearchAction\",\"target\":{\"@type\":\"EntryPoint\",\"urlTemplate\":\"https:\/\/ariale.ro\/?s={search_term_string}\"},\"query-input\":{\"@type\":\"PropertyValueSpecification\",\"valueRequired\":true,\"valueName\":\"search_term_string\"}}],\"inLanguage\":\"ro-RO\"}]}<\/script>\n<!-- \/ Yoast SEO plugin. -->","yoast_head_json":{"title":"Lenjerie pat Single, Vis de Craciun, 3piese, Ariale - Handmade Constanta","description":"Lenjeria de Cr\u0103ciun Ariale reprezint\u0103 alegerea perfect\u0103 pentru a aduce un strop de magie \u0219i festivitate \u00een dormitorul t\u0103u sau pentru a oferi un cadou cu adev\u0103rat special. Aceast\u0103 lenjerie excep\u021bional\u0103 este fabricat\u0103 cu grij\u0103 \u00een atelierul Ariale, garant\u00e2nd calitatea \u0219i aten\u021bia la detalii.","robots":{"index":"index","follow":"follow","max-snippet":"max-snippet:-1","max-image-preview":"max-image-preview:large","max-video-preview":"max-video-preview:-1"},"canonical":"https:\/\/ariale.ro\/index.php\/product\/lenjerie-pat-single-vis-de-craciun-ariale\/","og_locale":"ro_RO","og_type":"article","og_title":"Lenjerie pat Single, Vis de Craciun, 3piese, Ariale - Handmade Constanta","og_description":"Lenjeria de Cr\u0103ciun Ariale reprezint\u0103 alegerea perfect\u0103 pentru a aduce un strop de magie \u0219i festivitate \u00een dormitorul t\u0103u sau pentru a oferi un cadou cu adev\u0103rat special. Aceast\u0103 lenjerie excep\u021bional\u0103 este fabricat\u0103 cu grij\u0103 \u00een atelierul Ariale, garant\u00e2nd calitatea \u0219i aten\u021bia la detalii.","og_url":"https:\/\/ariale.ro\/index.php\/product\/lenjerie-pat-single-vis-de-craciun-ariale\/","og_site_name":"Handmade Constanta","article_modified_time":"2024-01-26T18:50:04+00:00","og_image":[{"width":800,"height":700,"url":"https:\/\/ariale.ro\/wp-content\/uploads\/2023\/11\/10-4.jpg","type":"image\/jpeg"}],"twitter_card":"summary_large_image","twitter_misc":{"Timp estimat pentru citire":"2 minute"},"schema":{"@context":"https:\/\/schema.org","@graph":[{"@type":"WebPage","@id":"https:\/\/ariale.ro\/index.php\/product\/lenjerie-pat-single-vis-de-craciun-ariale\/","url":"https:\/\/ariale.ro\/index.php\/product\/lenjerie-pat-single-vis-de-craciun-ariale\/","name":"Lenjerie pat Single, Vis de Craciun, 3piese, Ariale - Handmade Constanta","isPartOf":{"@id":"https:\/\/ariale.ro\/#website"},"primaryImageOfPage":{"@id":"https:\/\/ariale.ro\/index.php\/product\/lenjerie-pat-single-vis-de-craciun-ariale\/#primaryimage"},"image":{"@id":"https:\/\/ariale.ro\/index.php\/product\/lenjerie-pat-single-vis-de-craciun-ariale\/#primaryimage"},"thumbnailUrl":"https:\/\/ariale.ro\/wp-content\/uploads\/2023\/11\/10-4.jpg","datePublished":"2023-11-17T11:06:07+00:00","dateModified":"2024-01-26T18:50:04+00:00","description":"Lenjeria de Cr\u0103ciun Ariale reprezint\u0103 alegerea perfect\u0103 pentru a aduce un strop de magie \u0219i festivitate \u00een dormitorul t\u0103u sau pentru a oferi un cadou cu adev\u0103rat special. Aceast\u0103 lenjerie excep\u021bional\u0103 este fabricat\u0103 cu grij\u0103 \u00een atelierul Ariale, garant\u00e2nd calitatea \u0219i aten\u021bia la detalii.","breadcrumb":{"@id":"https:\/\/ariale.ro\/index.php\/product\/lenjerie-pat-single-vis-de-craciun-ariale\/#breadcrumb"},"inLanguage":"ro-RO","potentialAction":[{"@type":"ReadAction","target":["https:\/\/ariale.ro\/index.php\/product\/lenjerie-pat-single-vis-de-craciun-ariale\/"]}]},{"@type":"ImageObject","inLanguage":"ro-RO","@id":"https:\/\/ariale.ro\/index.php\/product\/lenjerie-pat-single-vis-de-craciun-ariale\/#primaryimage","url":"https:\/\/ariale.ro\/wp-content\/uploads\/2023\/11\/10-4.jpg","contentUrl":"https:\/\/ariale.ro\/wp-content\/uploads\/2023\/11\/10-4.jpg","width":800,"height":700},{"@type":"BreadcrumbList","@id":"https:\/\/ariale.ro\/index.php\/product\/lenjerie-pat-single-vis-de-craciun-ariale\/#breadcrumb","itemListElement":[{"@type":"ListItem","position":1,"name":"Prima pagin\u0103","item":"https:\/\/ariale.ro\/"},{"@type":"ListItem","position":2,"name":"Shop","item":"https:\/\/ariale.ro\/index.php\/shop\/"},{"@type":"ListItem","position":3,"name":"Lenjerie pat Single, Vis de Craciun, 3piese, Ariale"}]},{"@type":"WebSite","@id":"https:\/\/ariale.ro\/#website","url":"https:\/\/ariale.ro\/","name":"Handmade Constanta","description":"Magazin online cu articole lucrate manual in Romania! Transport rapid! Preturi mici! Livrare din Stoc!","potentialAction":[{"@type":"SearchAction","target":{"@type":"EntryPoint","urlTemplate":"https:\/\/ariale.ro\/?s={search_term_string}"},"query-input":{"@type":"PropertyValueSpecification","valueRequired":true,"valueName":"search_term_string"}}],"inLanguage":"ro-RO"}]}},"_links":{"self":[{"href":"https:\/\/ariale.ro\/index.php\/wp-json\/wp\/v2\/product\/9004","targetHints":{"allow":["GET"]}}],"collection":[{"href":"https:\/\/ariale.ro\/index.php\/wp-json\/wp\/v2\/product"}],"about":[{"href":"https:\/\/ariale.ro\/index.php\/wp-json\/wp\/v2\/types\/product"}],"replies":[{"embeddable":true,"href":"https:\/\/ariale.ro\/index.php\/wp-json\/wp\/v2\/comments?post=9004"}],"wp:featuredmedia":[{"embeddable":true,"href":"https:\/\/ariale.ro\/index.php\/wp-json\/wp\/v2\/media\/9003"}],"wp:attachment":[{"href":"https:\/\/ariale.ro\/index.php\/wp-json\/wp\/v2\/media?parent=9004"}],"wp:term":[{"taxonomy":"product_brand","embeddable":true,"href":"https:\/\/ariale.ro\/index.php\/wp-json\/wp\/v2\/product_brand?post=9004"},{"taxonomy":"product_cat","embeddable":true,"href":"https:\/\/ariale.ro\/index.php\/wp-json\/wp\/v2\/product_cat?post=9004"},{"taxonomy":"product_tag","embeddable":true,"href":"https:\/\/ariale.ro\/index.php\/wp-json\/wp\/v2\/product_tag?post=9004"}],"curies":[{"name":"wp","href":"https:\/\/api.w.org\/{rel}","templated":true}]}}