{"id":8865,"date":"2023-11-01T14:07:51","date_gmt":"2023-11-01T14:07:51","guid":{"rendered":"https:\/\/ariale.ro\/?post_type=product&#038;p=8865"},"modified":"2023-11-02T22:19:13","modified_gmt":"2023-11-02T22:19:13","slug":"fata-de-perna-brodata-cal-ariale-40x40cm-bumbac-ranforce-multicolor","status":"publish","type":"product","link":"https:\/\/ariale.ro\/index.php\/product\/fata-de-perna-brodata-cal-ariale-40x40cm-bumbac-ranforce-multicolor\/","title":{"rendered":"Fata de perna brodata Cal ARIALE, 40x40cm, bumbac ranforce, Multicolor"},"content":{"rendered":"<p>Fata de pern\u0103 de lux, cu dimensiunile de 40&#215;40 cm, este confec\u021bionat\u0103 din bumbac ranforce \u0219i face parte dintr-o serie limitat\u0103, realizat\u0103 cu migal\u0103 in atelierul Ariale. Aceast\u0103 pern\u0103 se eviden\u021biaz\u0103 prin broderia fin\u0103 ce reprezint\u0103 un cal, o tem\u0103 cu semnifica\u021bii variate.<\/p>\n<p>Simbolismul calului in diverse culturi poate evoca diferite aspecte precum puterea, libertatea, gra\u021bia sau chiar loialitatea. De-a lungul istoriei, calul a fost adesea asociat cu simboluri precum viteza, curajul sau chiar tr\u0103s\u0103turi spirituale in unele culturi.<\/p>\n<p>In multe culturi, calul a fost considerat un simbol al libert\u0103\u021bii, fiind un animal care sugereaz\u0103 putere \u0219i curaj. Totodat\u0103, in alte contexte, acesta reprezint\u0103 loialitatea \u0219i increderea, fiind un partener de incredere in c\u0103l\u0103torii \u0219i munc\u0103.<\/p>\n<p>Fata de pern\u0103 prezentat\u0103, cu broderia reprezentand un cal, aduce un farmec aparte \u0219i poate fi un element deosebit pentru decorarea casei. Fiind parte dintr-o serie limitat\u0103 \u0219i avand o inchidere parte peste parte, aceasta reprezint\u0103 nu doar un element de frumuse\u021be in cas\u0103, ci \u0219i un cadou cu o valoare aparte pentru cei care apreciaz\u0103 simbolistica \u0219i frumuse\u021bea detaliilor.<\/p>\n<p>Este un produs versatil, potrivit pentru a aduce un plus de elegan\u021b\u0103 oric\u0103rui decor interior sau pentru a fi oferit ca dar celor dragi, semnificand atat frumuse\u021bea estetic\u0103, cat \u0219i mesajul subtil pe care il poart\u0103 simbolistica calului.<\/p>\n<h2>Componentele si dimensiuni:<\/h2>\n<ul>\n<li>1 x Fata de perna 40 x 40 cm.<\/li>\n<\/ul>\n<p><strong>Intretinere:<\/strong><\/p>\n<ul>\n<li><strong>Spalare<\/strong>: automata sau manuala la temperatura maxima de 40 \u00b0C,<\/li>\n<li><strong>Uscare<\/strong>: la uscatorul electric sau in aer liber,<\/li>\n<li><strong>Calcare<\/strong>: se poate calca conform temperaturilor pretabile pentru bumbac: 200 \u00b0C, cu sau fara abur.<\/li>\n<\/ul>\n","protected":false},"excerpt":{"rendered":"<p>Fata de pern\u0103 de lux, cu dimensiunile de 40&#215;40 cm, este confec\u021bionat\u0103 din bumbac ranforce \u0219i face parte dintr-o serie limitat\u0103, realizat\u0103 cu migal\u0103 in atelierul Ariale.<\/p>\n","protected":false},"featured_media":8868,"comment_status":"open","ping_status":"closed","template":"","meta":[],"product_brand":[],"product_cat":[70,29],"product_tag":[],"class_list":{"0":"post-8865","1":"product","2":"type-product","3":"status-publish","4":"has-post-thumbnail","6":"product_cat-cadouri-brodate","7":"product_cat-seturi-fete-perna","9":"first","10":"instock","11":"shipping-taxable","12":"purchasable","13":"product-type-simple"},"yoast_head":"<!-- This site is optimized with the Yoast SEO plugin v27.2 - https:\/\/yoast.com\/product\/yoast-seo-wordpress\/ -->\n<title>Fata de perna brodata Cal ARIALE, 40x40cm, bumbac ranforce, Multicolor - Handmade Constanta<\/title>\n<meta name=\"description\" content=\"Fata de pern\u0103 de lux, cu dimensiunile de 40x40 cm, este confec\u021bionat\u0103 din bumbac ranforce \u0219i face parte dintr-o serie limitat\u0103, realizat\u0103 cu migal\u0103 in atelierul Ariale.\" \/>\n<meta name=\"robots\" content=\"index, follow, max-snippet:-1, max-image-preview:large, max-video-preview:-1\" \/>\n<link rel=\"canonical\" href=\"https:\/\/ariale.ro\/index.php\/product\/fata-de-perna-brodata-cal-ariale-40x40cm-bumbac-ranforce-multicolor\/\" \/>\n<meta property=\"og:locale\" content=\"ro_RO\" \/>\n<meta property=\"og:type\" content=\"article\" \/>\n<meta property=\"og:title\" content=\"Fata de perna brodata Cal ARIALE, 40x40cm, bumbac ranforce, Multicolor - Handmade Constanta\" \/>\n<meta property=\"og:description\" content=\"Fata de pern\u0103 de lux, cu dimensiunile de 40x40 cm, este confec\u021bionat\u0103 din bumbac ranforce \u0219i face parte dintr-o serie limitat\u0103, realizat\u0103 cu migal\u0103 in atelierul Ariale.\" \/>\n<meta property=\"og:url\" content=\"https:\/\/ariale.ro\/index.php\/product\/fata-de-perna-brodata-cal-ariale-40x40cm-bumbac-ranforce-multicolor\/\" \/>\n<meta property=\"og:site_name\" content=\"Handmade Constanta\" \/>\n<meta property=\"article:modified_time\" content=\"2023-11-02T22:19:13+00:00\" \/>\n<meta property=\"og:image\" content=\"https:\/\/ariale.ro\/wp-content\/uploads\/2023\/11\/3.jpg\" \/>\n\t<meta property=\"og:image:width\" content=\"800\" \/>\n\t<meta property=\"og:image:height\" content=\"700\" \/>\n\t<meta property=\"og:image:type\" content=\"image\/jpeg\" \/>\n<meta name=\"twitter:card\" content=\"summary_large_image\" \/>\n<meta name=\"twitter:label1\" content=\"Timp estimat pentru citire\" \/>\n\t<meta name=\"twitter:data1\" content=\"2 minute\" \/>\n<script type=\"application\/ld+json\" class=\"yoast-schema-graph\">{\"@context\":\"https:\/\/schema.org\",\"@graph\":[{\"@type\":\"WebPage\",\"@id\":\"https:\/\/ariale.ro\/index.php\/product\/fata-de-perna-brodata-cal-ariale-40x40cm-bumbac-ranforce-multicolor\/\",\"url\":\"https:\/\/ariale.ro\/index.php\/product\/fata-de-perna-brodata-cal-ariale-40x40cm-bumbac-ranforce-multicolor\/\",\"name\":\"Fata de perna brodata Cal ARIALE, 40x40cm, bumbac ranforce, Multicolor - Handmade Constanta\",\"isPartOf\":{\"@id\":\"https:\/\/ariale.ro\/#website\"},\"primaryImageOfPage\":{\"@id\":\"https:\/\/ariale.ro\/index.php\/product\/fata-de-perna-brodata-cal-ariale-40x40cm-bumbac-ranforce-multicolor\/#primaryimage\"},\"image\":{\"@id\":\"https:\/\/ariale.ro\/index.php\/product\/fata-de-perna-brodata-cal-ariale-40x40cm-bumbac-ranforce-multicolor\/#primaryimage\"},\"thumbnailUrl\":\"https:\/\/ariale.ro\/wp-content\/uploads\/2023\/11\/3.jpg\",\"datePublished\":\"2023-11-01T14:07:51+00:00\",\"dateModified\":\"2023-11-02T22:19:13+00:00\",\"description\":\"Fata de pern\u0103 de lux, cu dimensiunile de 40x40 cm, este confec\u021bionat\u0103 din bumbac ranforce \u0219i face parte dintr-o serie limitat\u0103, realizat\u0103 cu migal\u0103 in atelierul Ariale.\",\"breadcrumb\":{\"@id\":\"https:\/\/ariale.ro\/index.php\/product\/fata-de-perna-brodata-cal-ariale-40x40cm-bumbac-ranforce-multicolor\/#breadcrumb\"},\"inLanguage\":\"ro-RO\",\"potentialAction\":[{\"@type\":\"ReadAction\",\"target\":[\"https:\/\/ariale.ro\/index.php\/product\/fata-de-perna-brodata-cal-ariale-40x40cm-bumbac-ranforce-multicolor\/\"]}]},{\"@type\":\"ImageObject\",\"inLanguage\":\"ro-RO\",\"@id\":\"https:\/\/ariale.ro\/index.php\/product\/fata-de-perna-brodata-cal-ariale-40x40cm-bumbac-ranforce-multicolor\/#primaryimage\",\"url\":\"https:\/\/ariale.ro\/wp-content\/uploads\/2023\/11\/3.jpg\",\"contentUrl\":\"https:\/\/ariale.ro\/wp-content\/uploads\/2023\/11\/3.jpg\",\"width\":800,\"height\":700},{\"@type\":\"BreadcrumbList\",\"@id\":\"https:\/\/ariale.ro\/index.php\/product\/fata-de-perna-brodata-cal-ariale-40x40cm-bumbac-ranforce-multicolor\/#breadcrumb\",\"itemListElement\":[{\"@type\":\"ListItem\",\"position\":1,\"name\":\"Prima pagin\u0103\",\"item\":\"https:\/\/ariale.ro\/\"},{\"@type\":\"ListItem\",\"position\":2,\"name\":\"Shop\",\"item\":\"https:\/\/ariale.ro\/index.php\/shop\/\"},{\"@type\":\"ListItem\",\"position\":3,\"name\":\"Fata de perna brodata Cal ARIALE, 40x40cm, bumbac ranforce, Multicolor\"}]},{\"@type\":\"WebSite\",\"@id\":\"https:\/\/ariale.ro\/#website\",\"url\":\"https:\/\/ariale.ro\/\",\"name\":\"Handmade Constanta\",\"description\":\"Magazin online cu articole lucrate manual in Romania! Transport rapid! Preturi mici! Livrare din Stoc!\",\"potentialAction\":[{\"@type\":\"SearchAction\",\"target\":{\"@type\":\"EntryPoint\",\"urlTemplate\":\"https:\/\/ariale.ro\/?s={search_term_string}\"},\"query-input\":{\"@type\":\"PropertyValueSpecification\",\"valueRequired\":true,\"valueName\":\"search_term_string\"}}],\"inLanguage\":\"ro-RO\"}]}<\/script>\n<!-- \/ Yoast SEO plugin. -->","yoast_head_json":{"title":"Fata de perna brodata Cal ARIALE, 40x40cm, bumbac ranforce, Multicolor - Handmade Constanta","description":"Fata de pern\u0103 de lux, cu dimensiunile de 40x40 cm, este confec\u021bionat\u0103 din bumbac ranforce \u0219i face parte dintr-o serie limitat\u0103, realizat\u0103 cu migal\u0103 in atelierul Ariale.","robots":{"index":"index","follow":"follow","max-snippet":"max-snippet:-1","max-image-preview":"max-image-preview:large","max-video-preview":"max-video-preview:-1"},"canonical":"https:\/\/ariale.ro\/index.php\/product\/fata-de-perna-brodata-cal-ariale-40x40cm-bumbac-ranforce-multicolor\/","og_locale":"ro_RO","og_type":"article","og_title":"Fata de perna brodata Cal ARIALE, 40x40cm, bumbac ranforce, Multicolor - Handmade Constanta","og_description":"Fata de pern\u0103 de lux, cu dimensiunile de 40x40 cm, este confec\u021bionat\u0103 din bumbac ranforce \u0219i face parte dintr-o serie limitat\u0103, realizat\u0103 cu migal\u0103 in atelierul Ariale.","og_url":"https:\/\/ariale.ro\/index.php\/product\/fata-de-perna-brodata-cal-ariale-40x40cm-bumbac-ranforce-multicolor\/","og_site_name":"Handmade Constanta","article_modified_time":"2023-11-02T22:19:13+00:00","og_image":[{"width":800,"height":700,"url":"https:\/\/ariale.ro\/wp-content\/uploads\/2023\/11\/3.jpg","type":"image\/jpeg"}],"twitter_card":"summary_large_image","twitter_misc":{"Timp estimat pentru citire":"2 minute"},"schema":{"@context":"https:\/\/schema.org","@graph":[{"@type":"WebPage","@id":"https:\/\/ariale.ro\/index.php\/product\/fata-de-perna-brodata-cal-ariale-40x40cm-bumbac-ranforce-multicolor\/","url":"https:\/\/ariale.ro\/index.php\/product\/fata-de-perna-brodata-cal-ariale-40x40cm-bumbac-ranforce-multicolor\/","name":"Fata de perna brodata Cal ARIALE, 40x40cm, bumbac ranforce, Multicolor - Handmade Constanta","isPartOf":{"@id":"https:\/\/ariale.ro\/#website"},"primaryImageOfPage":{"@id":"https:\/\/ariale.ro\/index.php\/product\/fata-de-perna-brodata-cal-ariale-40x40cm-bumbac-ranforce-multicolor\/#primaryimage"},"image":{"@id":"https:\/\/ariale.ro\/index.php\/product\/fata-de-perna-brodata-cal-ariale-40x40cm-bumbac-ranforce-multicolor\/#primaryimage"},"thumbnailUrl":"https:\/\/ariale.ro\/wp-content\/uploads\/2023\/11\/3.jpg","datePublished":"2023-11-01T14:07:51+00:00","dateModified":"2023-11-02T22:19:13+00:00","description":"Fata de pern\u0103 de lux, cu dimensiunile de 40x40 cm, este confec\u021bionat\u0103 din bumbac ranforce \u0219i face parte dintr-o serie limitat\u0103, realizat\u0103 cu migal\u0103 in atelierul Ariale.","breadcrumb":{"@id":"https:\/\/ariale.ro\/index.php\/product\/fata-de-perna-brodata-cal-ariale-40x40cm-bumbac-ranforce-multicolor\/#breadcrumb"},"inLanguage":"ro-RO","potentialAction":[{"@type":"ReadAction","target":["https:\/\/ariale.ro\/index.php\/product\/fata-de-perna-brodata-cal-ariale-40x40cm-bumbac-ranforce-multicolor\/"]}]},{"@type":"ImageObject","inLanguage":"ro-RO","@id":"https:\/\/ariale.ro\/index.php\/product\/fata-de-perna-brodata-cal-ariale-40x40cm-bumbac-ranforce-multicolor\/#primaryimage","url":"https:\/\/ariale.ro\/wp-content\/uploads\/2023\/11\/3.jpg","contentUrl":"https:\/\/ariale.ro\/wp-content\/uploads\/2023\/11\/3.jpg","width":800,"height":700},{"@type":"BreadcrumbList","@id":"https:\/\/ariale.ro\/index.php\/product\/fata-de-perna-brodata-cal-ariale-40x40cm-bumbac-ranforce-multicolor\/#breadcrumb","itemListElement":[{"@type":"ListItem","position":1,"name":"Prima pagin\u0103","item":"https:\/\/ariale.ro\/"},{"@type":"ListItem","position":2,"name":"Shop","item":"https:\/\/ariale.ro\/index.php\/shop\/"},{"@type":"ListItem","position":3,"name":"Fata de perna brodata Cal ARIALE, 40x40cm, bumbac ranforce, Multicolor"}]},{"@type":"WebSite","@id":"https:\/\/ariale.ro\/#website","url":"https:\/\/ariale.ro\/","name":"Handmade Constanta","description":"Magazin online cu articole lucrate manual in Romania! Transport rapid! Preturi mici! Livrare din Stoc!","potentialAction":[{"@type":"SearchAction","target":{"@type":"EntryPoint","urlTemplate":"https:\/\/ariale.ro\/?s={search_term_string}"},"query-input":{"@type":"PropertyValueSpecification","valueRequired":true,"valueName":"search_term_string"}}],"inLanguage":"ro-RO"}]}},"_links":{"self":[{"href":"https:\/\/ariale.ro\/index.php\/wp-json\/wp\/v2\/product\/8865","targetHints":{"allow":["GET"]}}],"collection":[{"href":"https:\/\/ariale.ro\/index.php\/wp-json\/wp\/v2\/product"}],"about":[{"href":"https:\/\/ariale.ro\/index.php\/wp-json\/wp\/v2\/types\/product"}],"replies":[{"embeddable":true,"href":"https:\/\/ariale.ro\/index.php\/wp-json\/wp\/v2\/comments?post=8865"}],"wp:featuredmedia":[{"embeddable":true,"href":"https:\/\/ariale.ro\/index.php\/wp-json\/wp\/v2\/media\/8868"}],"wp:attachment":[{"href":"https:\/\/ariale.ro\/index.php\/wp-json\/wp\/v2\/media?parent=8865"}],"wp:term":[{"taxonomy":"product_brand","embeddable":true,"href":"https:\/\/ariale.ro\/index.php\/wp-json\/wp\/v2\/product_brand?post=8865"},{"taxonomy":"product_cat","embeddable":true,"href":"https:\/\/ariale.ro\/index.php\/wp-json\/wp\/v2\/product_cat?post=8865"},{"taxonomy":"product_tag","embeddable":true,"href":"https:\/\/ariale.ro\/index.php\/wp-json\/wp\/v2\/product_tag?post=8865"}],"curies":[{"name":"wp","href":"https:\/\/api.w.org\/{rel}","templated":true}]}}