{"id":10766,"date":"2025-08-18T13:51:02","date_gmt":"2025-08-18T13:51:02","guid":{"rendered":"https:\/\/ariale.ro\/?post_type=product&#038;p=10766"},"modified":"2025-08-18T14:03:43","modified_gmt":"2025-08-18T14:03:43","slug":"lenjerie-de-pat-pisici-ariale-pentru-2-persoane-4-piese-bumbac-ranforce-multicolor-copie","status":"publish","type":"product","link":"https:\/\/ariale.ro\/index.php\/product\/lenjerie-de-pat-pisici-ariale-pentru-2-persoane-4-piese-bumbac-ranforce-multicolor-copie\/","title":{"rendered":"Lenjerie de pat Pisici Colorate Ariale, pentru 2 persoane, 4 piese, bumbac ranforce, Multicolor"},"content":{"rendered":"<p>Lenjeria de pat Pisici Colorate ARIALE aduce un strop de elegan\u021b\u0103 \u0219i prospetime in dormitorul t\u0103u cu un imprimeu delicat pe un fond alb imaculat. Realizat\u0103 din bumbac ranforce imprimat digital, aceast\u0103 lenjerie imbin\u0103 frumuse\u021bea designului cu confortul \u0219i durabilitatea materialelor naturale.<\/p>\n<p>Materialele naturale de excep\u021bie din care este confec\u021bionat\u0103 ofer\u0103 o senza\u021bie pl\u0103cut\u0103 la atingere, contribuind la un somn odihnitor \u0219i relaxant. Tes\u0103tura fin\u0103, realizat\u0103 cu pricepere \u0219i aten\u021bie la detalii, confer\u0103 lenjeriei rezisten\u021b\u0103 \u0219i durabilitate remarcabile.<\/p>\n<p>Lenjeria de pat ARIALE nu este doar un element decorativ atr\u0103g\u0103tor, ci \u0219i o investi\u021bie in calitate. Cu capacitatea sa de a rezista in timp, aceast\u0103 lenjerie va p\u0103stra str\u0103lucirea \u0219i luminozitatea ini\u021biale pentru o perioad\u0103 indelungat\u0103, f\u0103cand-o parte integrant\u0103 din atmosfera pl\u0103cut\u0103 a dormitorului t\u0103u.<\/p>\n<p>Experimenteaz\u0103 bucuria de a te inv\u0103lui intr-o lenjerie de pat cu un design fermec\u0103tor \u0219i o calitate superioar\u0103. ARIALE adaug\u0103 un plus de stil \u0219i rafinament spa\u021biului t\u0103u personal, devenind o alegere inspirat\u0103 pentru un dormitor elegant \u0219i reconfortant.<\/p>\n<p>Produs\u0103 cu grij\u0103 in atelierul nostru Ariale, aceast\u0103 lenjerie ofer\u0103 o experien\u021b\u0103 de somn f\u0103r\u0103 egal. Setul include un cearceaf de pat 220&#215;240 cm, un cearceaf de pilota 200x220cm \u0219i 2\u00a0fete\u00a0de pern\u0103 de 50x70cm.<\/p>\n<p>Bumbacul ranforce, utilizat in fabricarea acestui set, adaug\u0103 o senza\u021bie de catifelare \u0219i rezisten\u021b\u0103 la lenjerie, oferindu-\u021bi astfel nu doar confort, ci \u0219i durabilitate in timp. Culorile imprimate digital sunt rezistente la sp\u0103lare, men\u021bin prospe\u021bimea \u0219i str\u0103lucirea setului.<\/p>\n<p>Destinatie:<\/p>\n<p>uz domestic, pentru acasa<br \/>\nCaracteristici material:<\/p>\n<p>Compozitie material 100% bumbac, tip ranforce<br \/>\nDensitate 120 g\/m2<br \/>\nConstructie tesatura: 144 fire\/inch2<br \/>\nSamforizat, adica are contractii foarte reduse la spalari repetate la temperatura inalta de spalare<br \/>\nUtilizare indelungata<br \/>\nComponentele si dimensiunile setului de lenjerie de pat bumbac:<br \/>\n1 x Cearceaf de pat 220 x\u00a0240cm,<br \/>\n1 x Cearceaf pentru pilota 200 x 220cm,<br \/>\n2 x Fata\u00a0de perna 50 x 70 cm (total 4\u00a0piese, pentru 2\u00a0persoane).<br \/>\nIntretinere:<\/p>\n<p>Spalare: automata sau manuala la temperatura maxima de 40 \u00b0C,<br \/>\nUscare: la uscatorul electric sau in aer liber,<br \/>\nCalcare: se poate calca conform temperaturilor pretabile pentru bumbac: 200 \u00b0C, cu sau fara abur.<\/p>\n","protected":false},"excerpt":{"rendered":"<p>Pisici Colorate ARIALE aduce un strop de elegan\u021b\u0103 \u0219i prospetime in dormitorul t\u0103u cu un imprimeu delicat cu pisici pe un fond alb imaculat. Realizat\u0103 din bumbac ranforce, imprimat digital, aceast\u0103 lenjerie imbin\u0103 frumuse\u021bea designului cu confortul \u0219i durabilitatea materialelor naturale.<\/p>\n<p>Produs\u0103 cu grij\u0103 in atelierul nostru Ariale, aceast\u0103 lenjerie ofer\u0103 o experien\u021b\u0103 de somn f\u0103r\u0103 egal. Setul include un cearceaf de pat 220&#215;240 cm, un cearceaf de pilota 200x220cm \u0219i 2\u00a0fete\u00a0de pern\u0103 de 50x70cm.<\/p>\n","protected":false},"featured_media":10783,"comment_status":"open","ping_status":"closed","template":"","meta":[],"product_brand":[],"product_cat":[73,74],"product_tag":[],"class_list":{"0":"post-10766","1":"product","2":"type-product","3":"status-publish","4":"has-post-thumbnail","6":"product_cat-lenjerii-clasice","7":"product_cat-lenjerii-copii","9":"first","10":"instock","11":"shipping-taxable","12":"purchasable","13":"product-type-variable"},"yoast_head":"<!-- This site is optimized with the Yoast SEO plugin v27.2 - https:\/\/yoast.com\/product\/yoast-seo-wordpress\/ -->\n<title>Lenjerie de pat Pisici Colorate Ariale, pentru 2 persoane, 4 piese, bumbac ranforce, Multicolor - Handmade Constanta<\/title>\n<meta name=\"description\" content=\"Pisici Colorate ARIALE aduce un strop de elegan\u021b\u0103 \u0219i prospetime in dormitorul t\u0103u cu un imprimeu delicat de floricele mici pe un fond alb imaculat. Realizat\u0103 din bumbac ranforce, aceast\u0103 lenjerie imbin\u0103 frumuse\u021bea designului cu confortul \u0219i durabilitatea materialelor naturale.\" \/>\n<meta name=\"robots\" content=\"index, follow, max-snippet:-1, max-image-preview:large, max-video-preview:-1\" \/>\n<link rel=\"canonical\" href=\"https:\/\/ariale.ro\/index.php\/product\/lenjerie-de-pat-pisici-ariale-pentru-2-persoane-4-piese-bumbac-ranforce-multicolor-copie\/\" \/>\n<meta property=\"og:locale\" content=\"ro_RO\" \/>\n<meta property=\"og:type\" content=\"article\" \/>\n<meta property=\"og:title\" content=\"Lenjerie de pat Pisici Colorate Ariale, pentru 2 persoane, 4 piese, bumbac ranforce, Multicolor - Handmade Constanta\" \/>\n<meta property=\"og:description\" content=\"Pisici Colorate ARIALE aduce un strop de elegan\u021b\u0103 \u0219i prospetime in dormitorul t\u0103u cu un imprimeu delicat de floricele mici pe un fond alb imaculat. Realizat\u0103 din bumbac ranforce, aceast\u0103 lenjerie imbin\u0103 frumuse\u021bea designului cu confortul \u0219i durabilitatea materialelor naturale.\" \/>\n<meta property=\"og:url\" content=\"https:\/\/ariale.ro\/index.php\/product\/lenjerie-de-pat-pisici-ariale-pentru-2-persoane-4-piese-bumbac-ranforce-multicolor-copie\/\" \/>\n<meta property=\"og:site_name\" content=\"Handmade Constanta\" \/>\n<meta property=\"article:modified_time\" content=\"2025-08-18T14:03:43+00:00\" \/>\n<meta property=\"og:image\" content=\"https:\/\/ariale.ro\/wp-content\/uploads\/2025\/08\/17.jpg\" \/>\n\t<meta property=\"og:image:width\" content=\"800\" \/>\n\t<meta property=\"og:image:height\" content=\"800\" \/>\n\t<meta property=\"og:image:type\" content=\"image\/jpeg\" \/>\n<meta name=\"twitter:card\" content=\"summary_large_image\" \/>\n<meta name=\"twitter:label1\" content=\"Timp estimat pentru citire\" \/>\n\t<meta name=\"twitter:data1\" content=\"3 minute\" \/>\n<script type=\"application\/ld+json\" class=\"yoast-schema-graph\">{\"@context\":\"https:\/\/schema.org\",\"@graph\":[{\"@type\":\"WebPage\",\"@id\":\"https:\/\/ariale.ro\/index.php\/product\/lenjerie-de-pat-pisici-ariale-pentru-2-persoane-4-piese-bumbac-ranforce-multicolor-copie\/\",\"url\":\"https:\/\/ariale.ro\/index.php\/product\/lenjerie-de-pat-pisici-ariale-pentru-2-persoane-4-piese-bumbac-ranforce-multicolor-copie\/\",\"name\":\"Lenjerie de pat Pisici Colorate Ariale, pentru 2 persoane, 4 piese, bumbac ranforce, Multicolor - Handmade Constanta\",\"isPartOf\":{\"@id\":\"https:\/\/ariale.ro\/#website\"},\"primaryImageOfPage\":{\"@id\":\"https:\/\/ariale.ro\/index.php\/product\/lenjerie-de-pat-pisici-ariale-pentru-2-persoane-4-piese-bumbac-ranforce-multicolor-copie\/#primaryimage\"},\"image\":{\"@id\":\"https:\/\/ariale.ro\/index.php\/product\/lenjerie-de-pat-pisici-ariale-pentru-2-persoane-4-piese-bumbac-ranforce-multicolor-copie\/#primaryimage\"},\"thumbnailUrl\":\"https:\/\/ariale.ro\/wp-content\/uploads\/2025\/08\/17.jpg\",\"datePublished\":\"2025-08-18T13:51:02+00:00\",\"dateModified\":\"2025-08-18T14:03:43+00:00\",\"description\":\"Pisici Colorate ARIALE aduce un strop de elegan\u021b\u0103 \u0219i prospetime in dormitorul t\u0103u cu un imprimeu delicat de floricele mici pe un fond alb imaculat. Realizat\u0103 din bumbac ranforce, aceast\u0103 lenjerie imbin\u0103 frumuse\u021bea designului cu confortul \u0219i durabilitatea materialelor naturale.\",\"breadcrumb\":{\"@id\":\"https:\/\/ariale.ro\/index.php\/product\/lenjerie-de-pat-pisici-ariale-pentru-2-persoane-4-piese-bumbac-ranforce-multicolor-copie\/#breadcrumb\"},\"inLanguage\":\"ro-RO\",\"potentialAction\":[{\"@type\":\"ReadAction\",\"target\":[\"https:\/\/ariale.ro\/index.php\/product\/lenjerie-de-pat-pisici-ariale-pentru-2-persoane-4-piese-bumbac-ranforce-multicolor-copie\/\"]}]},{\"@type\":\"ImageObject\",\"inLanguage\":\"ro-RO\",\"@id\":\"https:\/\/ariale.ro\/index.php\/product\/lenjerie-de-pat-pisici-ariale-pentru-2-persoane-4-piese-bumbac-ranforce-multicolor-copie\/#primaryimage\",\"url\":\"https:\/\/ariale.ro\/wp-content\/uploads\/2025\/08\/17.jpg\",\"contentUrl\":\"https:\/\/ariale.ro\/wp-content\/uploads\/2025\/08\/17.jpg\",\"width\":800,\"height\":800},{\"@type\":\"BreadcrumbList\",\"@id\":\"https:\/\/ariale.ro\/index.php\/product\/lenjerie-de-pat-pisici-ariale-pentru-2-persoane-4-piese-bumbac-ranforce-multicolor-copie\/#breadcrumb\",\"itemListElement\":[{\"@type\":\"ListItem\",\"position\":1,\"name\":\"Prima pagin\u0103\",\"item\":\"https:\/\/ariale.ro\/\"},{\"@type\":\"ListItem\",\"position\":2,\"name\":\"Shop\",\"item\":\"https:\/\/ariale.ro\/index.php\/shop\/\"},{\"@type\":\"ListItem\",\"position\":3,\"name\":\"Lenjerie de pat Pisici Colorate Ariale, pentru 2 persoane, 4 piese, bumbac ranforce, Multicolor\"}]},{\"@type\":\"WebSite\",\"@id\":\"https:\/\/ariale.ro\/#website\",\"url\":\"https:\/\/ariale.ro\/\",\"name\":\"Handmade Constanta\",\"description\":\"Magazin online cu articole lucrate manual in Romania! Transport rapid! Preturi mici! Livrare din Stoc!\",\"potentialAction\":[{\"@type\":\"SearchAction\",\"target\":{\"@type\":\"EntryPoint\",\"urlTemplate\":\"https:\/\/ariale.ro\/?s={search_term_string}\"},\"query-input\":{\"@type\":\"PropertyValueSpecification\",\"valueRequired\":true,\"valueName\":\"search_term_string\"}}],\"inLanguage\":\"ro-RO\"}]}<\/script>\n<!-- \/ Yoast SEO plugin. -->","yoast_head_json":{"title":"Lenjerie de pat Pisici Colorate Ariale, pentru 2 persoane, 4 piese, bumbac ranforce, Multicolor - Handmade Constanta","description":"Pisici Colorate ARIALE aduce un strop de elegan\u021b\u0103 \u0219i prospetime in dormitorul t\u0103u cu un imprimeu delicat de floricele mici pe un fond alb imaculat. Realizat\u0103 din bumbac ranforce, aceast\u0103 lenjerie imbin\u0103 frumuse\u021bea designului cu confortul \u0219i durabilitatea materialelor naturale.","robots":{"index":"index","follow":"follow","max-snippet":"max-snippet:-1","max-image-preview":"max-image-preview:large","max-video-preview":"max-video-preview:-1"},"canonical":"https:\/\/ariale.ro\/index.php\/product\/lenjerie-de-pat-pisici-ariale-pentru-2-persoane-4-piese-bumbac-ranforce-multicolor-copie\/","og_locale":"ro_RO","og_type":"article","og_title":"Lenjerie de pat Pisici Colorate Ariale, pentru 2 persoane, 4 piese, bumbac ranforce, Multicolor - Handmade Constanta","og_description":"Pisici Colorate ARIALE aduce un strop de elegan\u021b\u0103 \u0219i prospetime in dormitorul t\u0103u cu un imprimeu delicat de floricele mici pe un fond alb imaculat. Realizat\u0103 din bumbac ranforce, aceast\u0103 lenjerie imbin\u0103 frumuse\u021bea designului cu confortul \u0219i durabilitatea materialelor naturale.","og_url":"https:\/\/ariale.ro\/index.php\/product\/lenjerie-de-pat-pisici-ariale-pentru-2-persoane-4-piese-bumbac-ranforce-multicolor-copie\/","og_site_name":"Handmade Constanta","article_modified_time":"2025-08-18T14:03:43+00:00","og_image":[{"width":800,"height":800,"url":"https:\/\/ariale.ro\/wp-content\/uploads\/2025\/08\/17.jpg","type":"image\/jpeg"}],"twitter_card":"summary_large_image","twitter_misc":{"Timp estimat pentru citire":"3 minute"},"schema":{"@context":"https:\/\/schema.org","@graph":[{"@type":"WebPage","@id":"https:\/\/ariale.ro\/index.php\/product\/lenjerie-de-pat-pisici-ariale-pentru-2-persoane-4-piese-bumbac-ranforce-multicolor-copie\/","url":"https:\/\/ariale.ro\/index.php\/product\/lenjerie-de-pat-pisici-ariale-pentru-2-persoane-4-piese-bumbac-ranforce-multicolor-copie\/","name":"Lenjerie de pat Pisici Colorate Ariale, pentru 2 persoane, 4 piese, bumbac ranforce, Multicolor - Handmade Constanta","isPartOf":{"@id":"https:\/\/ariale.ro\/#website"},"primaryImageOfPage":{"@id":"https:\/\/ariale.ro\/index.php\/product\/lenjerie-de-pat-pisici-ariale-pentru-2-persoane-4-piese-bumbac-ranforce-multicolor-copie\/#primaryimage"},"image":{"@id":"https:\/\/ariale.ro\/index.php\/product\/lenjerie-de-pat-pisici-ariale-pentru-2-persoane-4-piese-bumbac-ranforce-multicolor-copie\/#primaryimage"},"thumbnailUrl":"https:\/\/ariale.ro\/wp-content\/uploads\/2025\/08\/17.jpg","datePublished":"2025-08-18T13:51:02+00:00","dateModified":"2025-08-18T14:03:43+00:00","description":"Pisici Colorate ARIALE aduce un strop de elegan\u021b\u0103 \u0219i prospetime in dormitorul t\u0103u cu un imprimeu delicat de floricele mici pe un fond alb imaculat. Realizat\u0103 din bumbac ranforce, aceast\u0103 lenjerie imbin\u0103 frumuse\u021bea designului cu confortul \u0219i durabilitatea materialelor naturale.","breadcrumb":{"@id":"https:\/\/ariale.ro\/index.php\/product\/lenjerie-de-pat-pisici-ariale-pentru-2-persoane-4-piese-bumbac-ranforce-multicolor-copie\/#breadcrumb"},"inLanguage":"ro-RO","potentialAction":[{"@type":"ReadAction","target":["https:\/\/ariale.ro\/index.php\/product\/lenjerie-de-pat-pisici-ariale-pentru-2-persoane-4-piese-bumbac-ranforce-multicolor-copie\/"]}]},{"@type":"ImageObject","inLanguage":"ro-RO","@id":"https:\/\/ariale.ro\/index.php\/product\/lenjerie-de-pat-pisici-ariale-pentru-2-persoane-4-piese-bumbac-ranforce-multicolor-copie\/#primaryimage","url":"https:\/\/ariale.ro\/wp-content\/uploads\/2025\/08\/17.jpg","contentUrl":"https:\/\/ariale.ro\/wp-content\/uploads\/2025\/08\/17.jpg","width":800,"height":800},{"@type":"BreadcrumbList","@id":"https:\/\/ariale.ro\/index.php\/product\/lenjerie-de-pat-pisici-ariale-pentru-2-persoane-4-piese-bumbac-ranforce-multicolor-copie\/#breadcrumb","itemListElement":[{"@type":"ListItem","position":1,"name":"Prima pagin\u0103","item":"https:\/\/ariale.ro\/"},{"@type":"ListItem","position":2,"name":"Shop","item":"https:\/\/ariale.ro\/index.php\/shop\/"},{"@type":"ListItem","position":3,"name":"Lenjerie de pat Pisici Colorate Ariale, pentru 2 persoane, 4 piese, bumbac ranforce, Multicolor"}]},{"@type":"WebSite","@id":"https:\/\/ariale.ro\/#website","url":"https:\/\/ariale.ro\/","name":"Handmade Constanta","description":"Magazin online cu articole lucrate manual in Romania! Transport rapid! Preturi mici! Livrare din Stoc!","potentialAction":[{"@type":"SearchAction","target":{"@type":"EntryPoint","urlTemplate":"https:\/\/ariale.ro\/?s={search_term_string}"},"query-input":{"@type":"PropertyValueSpecification","valueRequired":true,"valueName":"search_term_string"}}],"inLanguage":"ro-RO"}]}},"_links":{"self":[{"href":"https:\/\/ariale.ro\/index.php\/wp-json\/wp\/v2\/product\/10766","targetHints":{"allow":["GET"]}}],"collection":[{"href":"https:\/\/ariale.ro\/index.php\/wp-json\/wp\/v2\/product"}],"about":[{"href":"https:\/\/ariale.ro\/index.php\/wp-json\/wp\/v2\/types\/product"}],"replies":[{"embeddable":true,"href":"https:\/\/ariale.ro\/index.php\/wp-json\/wp\/v2\/comments?post=10766"}],"wp:featuredmedia":[{"embeddable":true,"href":"https:\/\/ariale.ro\/index.php\/wp-json\/wp\/v2\/media\/10783"}],"wp:attachment":[{"href":"https:\/\/ariale.ro\/index.php\/wp-json\/wp\/v2\/media?parent=10766"}],"wp:term":[{"taxonomy":"product_brand","embeddable":true,"href":"https:\/\/ariale.ro\/index.php\/wp-json\/wp\/v2\/product_brand?post=10766"},{"taxonomy":"product_cat","embeddable":true,"href":"https:\/\/ariale.ro\/index.php\/wp-json\/wp\/v2\/product_cat?post=10766"},{"taxonomy":"product_tag","embeddable":true,"href":"https:\/\/ariale.ro\/index.php\/wp-json\/wp\/v2\/product_tag?post=10766"}],"curies":[{"name":"wp","href":"https:\/\/api.w.org\/{rel}","templated":true}]}}